Last updated on 2025-10-31 00:51:17 CET.
| Flavor | Version | Tinstall | Tcheck | Ttotal | Status | Flags | 
|---|---|---|---|---|---|---|
| r-devel-linux-x86_64-debian-clang | 1.0.1 | 9.32 | 42.41 | 51.73 | NOTE | |
| r-devel-linux-x86_64-debian-gcc | 1.0.1 | 7.12 | 30.17 | 37.29 | NOTE | |
| r-devel-linux-x86_64-fedora-clang | 1.0.1 | 33.00 | 48.26 | 81.26 | NOTE | |
| r-devel-linux-x86_64-fedora-gcc | 1.0.1 | 21.00 | 52.91 | 73.91 | NOTE | |
| r-devel-windows-x86_64 | 1.0.1 | 12.00 | 71.00 | 83.00 | NOTE | |
| r-patched-linux-x86_64 | 1.0.1 | 9.87 | 39.75 | 49.62 | NOTE | |
| r-release-linux-x86_64 | 1.0.1 | 10.08 | 39.42 | 49.50 | NOTE | |
| r-release-macos-arm64 | 1.0.1 | 6.00 | 22.00 | 28.00 | NOTE | |
| r-release-macos-x86_64 | 1.0.1 | 13.00 | 40.00 | 53.00 | NOTE | |
| r-release-windows-x86_64 | 1.0.1 | 13.00 | 75.00 | 88.00 | NOTE | |
| r-oldrel-macos-arm64 | 1.0.1 | 5.00 | 23.00 | 28.00 | NOTE | |
| r-oldrel-macos-x86_64 | 1.0.1 | 17.00 | 51.00 | 68.00 | NOTE | |
| r-oldrel-windows-x86_64 | 1.0.1 | 14.00 | 93.00 | 107.00 | NOTE | 
Version: 1.0.1
Check: CRAN incoming feasibility
Result: NOTE
  Maintainer: ‘Benjamin Risk <bbr28@cornell.edu>’
  
  No Authors@R field in DESCRIPTION.
  Please add one, modifying
    Authors@R: c(person(given = c("Benjamin", "B."),
                        family = "Risk",
                        role = "aut"),
                 person(given = c("Nicholas", "A."),
                        family = "James",
                        role = "aut"),
                 person(given = c("David", "S."),
                        family = "Matteson",
                        role = "aut"),
                 person(given = "Benjamin",
                        family = "Risk",
                        role = "cre",
                        email = "bbr28@cornell.edu"))
  as necessary.
Flavors: r-devel-linux-x86_64-debian-clang, r-devel-linux-x86_64-debian-gcc
Version: 1.0.1
Check: Rd files
Result: NOTE
  checkRd: (-1) gmultidcov.Rd:23: Lost braces; missing escapes or markup?
      23 | If symmetric==TRUE, calculates: sum_{i=1}^{C} dcovustat(S[,group==i],S[,group!=i])
         |                                     ^
  checkRd: (-1) gmultidcov.Rd:23: Lost braces; missing escapes or markup?
      23 | If symmetric==TRUE, calculates: sum_{i=1}^{C} dcovustat(S[,group==i],S[,group!=i])
         |                                           ^
  checkRd: (-1) gmultidcov.Rd:24: Lost braces; missing escapes or markup?
      24 | If symmetric==FALSE, calculates: sum_{i=1}^{C-1} dcovustat(S[,group==i],S[,group>i])
         |                                      ^
  checkRd: (-1) gmultidcov.Rd:24: Lost braces; missing escapes or markup?
      24 | If symmetric==FALSE, calculates: sum_{i=1}^{C-1} dcovustat(S[,group==i],S[,group>i])
         |                                            ^
  checkRd: (-1) multidcov.Rd:20: Lost braces; missing escapes or markup?
      20 | If symmetric==TRUE, calculates: sum_{i=1}^{d} dcovustat(S[,i],S[,-i])
         |                                     ^
  checkRd: (-1) multidcov.Rd:20: Lost braces; missing escapes or markup?
      20 | If symmetric==TRUE, calculates: sum_{i=1}^{d} dcovustat(S[,i],S[,-i])
         |                                           ^
  checkRd: (-1) multidcov.Rd:21: Lost braces; missing escapes or markup?
      21 | If symmetric==FALSE, calculates: sum_{i=1}^{d-1} dcovustat(S[,i],S[,(i+1):d])
         |                                      ^
  checkRd: (-1) multidcov.Rd:21: Lost braces; missing escapes or markup?
      21 | If symmetric==FALSE, calculates: sum_{i=1}^{d-1} dcovustat(S[,i],S[,(i+1):d])
         |                                            ^
  checkRd: (-1) permTest.Rd:26: Lost braces; missing escapes or markup?
      26 | If symmetric==TRUE, calculates: sum_{i=1}^{C} dcovustat(S[,group==i],S[,group!=i])
         |                                     ^
  checkRd: (-1) permTest.Rd:26: Lost braces; missing escapes or markup?
      26 | If symmetric==TRUE, calculates: sum_{i=1}^{C} dcovustat(S[,group==i],S[,group!=i])
         |                                           ^
  checkRd: (-1) permTest.Rd:27: Lost braces; missing escapes or markup?
      27 | If symmetric==FALSE, calculates: sum_{i=1}^{C-1} dcovustat(S[,group==i],S[,group>i])
         |                                      ^
  checkRd: (-1) permTest.Rd:27: Lost braces; missing escapes or markup?
      27 | If symmetric==FALSE, calculates: sum_{i=1}^{C-1} dcovustat(S[,group==i],S[,group>i])
         |                                            ^
Flavors: r-devel-linux-x86_64-debian-clang, r-devel-linux-x86_64-debian-gcc, r-devel-linux-x86_64-fedora-clang, r-devel-linux-x86_64-fedora-gcc, r-devel-windows-x86_64, r-patched-linux-x86_64, r-release-linux-x86_64, r-release-macos-arm64, r-release-macos-x86_64, r-release-windows-x86_64, r-oldrel-macos-arm64, r-oldrel-macos-x86_64, r-oldrel-windows-x86_64
Version: 1.0.1
Check: compiled code
Result: NOTE
  File ‘steadyICA/libs/steadyICA.so’:
    Found no calls to: ‘R_registerRoutines’, ‘R_useDynamicSymbols’
  
  It is good practice to register native routines and to disable symbol
  search.
  
  See ‘Writing portable packages’ in the ‘Writing R Extensions’ manual.
Flavors: r-devel-linux-x86_64-fedora-clang, r-devel-linux-x86_64-fedora-gcc