Last updated on 2025-10-31 00:51:17 CET.
| Flavor | Version | Tinstall | Tcheck | Ttotal | Status | Flags | 
|---|---|---|---|---|---|---|
| r-devel-linux-x86_64-debian-clang | 0.2.6 | 8.07 | 75.29 | 83.36 | NOTE | |
| r-devel-linux-x86_64-debian-gcc | 0.2.6 | 5.36 | 54.04 | 59.40 | NOTE | |
| r-devel-linux-x86_64-fedora-clang | 0.2.6 | 18.00 | 108.17 | 126.17 | NOTE | |
| r-devel-linux-x86_64-fedora-gcc | 0.2.6 | 14.00 | 119.95 | 133.95 | NOTE | |
| r-devel-windows-x86_64 | 0.2.6 | 9.00 | 86.00 | 95.00 | NOTE | |
| r-patched-linux-x86_64 | 0.2.6 | 7.09 | 69.69 | 76.78 | NOTE | |
| r-release-linux-x86_64 | 0.2.6 | 7.00 | 70.10 | 77.10 | NOTE | |
| r-release-macos-arm64 | 0.2.6 | 3.00 | 53.00 | 56.00 | NOTE | |
| r-release-macos-x86_64 | 0.2.6 | 5.00 | 66.00 | 71.00 | NOTE | |
| r-release-windows-x86_64 | 0.2.6 | 10.00 | 88.00 | 98.00 | NOTE | |
| r-oldrel-macos-arm64 | 0.2.6 | 3.00 | 55.00 | 58.00 | NOTE | |
| r-oldrel-macos-x86_64 | 0.2.6 | 6.00 | 81.00 | 87.00 | NOTE | |
| r-oldrel-windows-x86_64 | 0.2.6 | 13.00 | 106.00 | 119.00 | NOTE | 
Version: 0.2.6
Check: Rd files
Result: NOTE
  checkRd: (-1) statcan_data.Rd:22: Lost braces; missing escapes or markup?
      22 | \code{statcan_data()} function has 2 arguments to fulfill to get data: {tableNumber} & {lang}.
         |                                                                        ^
  checkRd: (-1) statcan_data.Rd:22: Lost braces; missing escapes or markup?
      22 | \code{statcan_data()} function has 2 arguments to fulfill to get data: {tableNumber} & {lang}.
         |                                                                                        ^
  checkRd: (-1) statcan_search.Rd:18: Lost braces; missing escapes or markup?
      18 | The \code{statcan_search()} function has 2 arguments to fulfill to find a database: {keywords} and {lang}.
         |                                                                                     ^
  checkRd: (-1) statcan_search.Rd:18: Lost braces; missing escapes or markup?
      18 | The \code{statcan_search()} function has 2 arguments to fulfill to find a database: {keywords} and {lang}.
         |                                                                                                    ^
Flavors: r-devel-linux-x86_64-debian-clang, r-devel-linux-x86_64-debian-gcc, r-devel-linux-x86_64-fedora-clang, r-devel-linux-x86_64-fedora-gcc, r-devel-windows-x86_64, r-patched-linux-x86_64, r-release-linux-x86_64, r-release-macos-arm64, r-release-macos-x86_64, r-release-windows-x86_64, r-oldrel-macos-arm64, r-oldrel-macos-x86_64, r-oldrel-windows-x86_64