Last updated on 2025-10-31 00:51:17 CET.
| Flavor | Version | Tinstall | Tcheck | Ttotal | Status | Flags | 
|---|---|---|---|---|---|---|
| r-devel-linux-x86_64-debian-clang | 0.2.2 | 9.45 | 95.70 | 105.15 | NOTE | |
| r-devel-linux-x86_64-debian-gcc | 0.2.2 | 6.86 | 70.57 | 77.43 | NOTE | |
| r-devel-linux-x86_64-fedora-clang | 0.2.2 | 52.00 | 121.56 | 173.56 | NOTE | |
| r-devel-linux-x86_64-fedora-gcc | 0.2.2 | 19.00 | 135.78 | 154.78 | NOTE | |
| r-devel-windows-x86_64 | 0.2.2 | 10.00 | 99.00 | 109.00 | NOTE | |
| r-patched-linux-x86_64 | 0.2.2 | 9.17 | 88.37 | 97.54 | NOTE | |
| r-release-linux-x86_64 | 0.2.2 | 9.40 | 89.03 | 98.43 | NOTE | |
| r-release-macos-arm64 | 0.2.2 | 5.00 | 60.00 | 65.00 | NOTE | |
| r-release-macos-x86_64 | 0.2.2 | 9.00 | 107.00 | 116.00 | NOTE | |
| r-release-windows-x86_64 | 0.2.2 | 10.00 | 101.00 | 111.00 | NOTE | |
| r-oldrel-macos-arm64 | 0.2.2 | 4.00 | 48.00 | 52.00 | NOTE | |
| r-oldrel-macos-x86_64 | 0.2.2 | 6.00 | 83.00 | 89.00 | NOTE | |
| r-oldrel-windows-x86_64 | 0.2.2 | 14.00 | 124.00 | 138.00 | NOTE | 
Version: 0.2.2
Check: CRAN incoming feasibility
Result: NOTE
  Maintainer: ‘Christopher D. Eager <eager.stats@gmail.com>’
  
  Package CITATION file contains call(s) to old-style citEntry().  Please
  use bibentry() instead.
Flavors: r-devel-linux-x86_64-debian-clang, r-devel-linux-x86_64-debian-gcc
Version: 0.2.2
Check: Rd files
Result: NOTE
  checkRd: (-1) standardize.Rd:94: Lost braces; missing escapes or markup?
      94 | take on values {-0.5, 0, 0.5} rather than {-1, 0, 1}, the standard deviation
         |                ^
  checkRd: (-1) standardize.Rd:94: Lost braces; missing escapes or markup?
      94 | take on values {-0.5, 0, 0.5} rather than {-1, 0, 1}, the standard deviation
         |                                           ^
Flavors: r-devel-linux-x86_64-debian-clang, r-devel-linux-x86_64-debian-gcc, r-devel-linux-x86_64-fedora-clang, r-devel-linux-x86_64-fedora-gcc, r-devel-windows-x86_64, r-patched-linux-x86_64, r-release-linux-x86_64, r-release-macos-arm64, r-release-macos-x86_64, r-release-windows-x86_64, r-oldrel-macos-arm64, r-oldrel-macos-x86_64, r-oldrel-windows-x86_64