Last updated on 2025-10-31 00:51:17 CET.
| Flavor | Version | Tinstall | Tcheck | Ttotal | Status | Flags | 
|---|---|---|---|---|---|---|
| r-devel-linux-x86_64-debian-clang | 0.3.1 | 7.51 | 65.98 | 73.49 | NOTE | |
| r-devel-linux-x86_64-debian-gcc | 0.3.1 | 5.60 | 47.90 | 53.50 | NOTE | |
| r-devel-linux-x86_64-fedora-clang | 0.3.1 | 20.00 | 92.88 | 112.88 | NOTE | |
| r-devel-linux-x86_64-fedora-gcc | 0.3.1 | 20.00 | 86.71 | 106.71 | NOTE | |
| r-devel-windows-x86_64 | 0.3.1 | 10.00 | 74.00 | 84.00 | NOTE | |
| r-patched-linux-x86_64 | 0.3.1 | 7.30 | 61.54 | 68.84 | NOTE | |
| r-release-linux-x86_64 | 0.3.1 | 7.73 | 62.40 | 70.13 | NOTE | |
| r-release-macos-arm64 | 0.3.1 | 4.00 | 30.00 | 34.00 | NOTE | |
| r-release-macos-x86_64 | 0.3.1 | 7.00 | 55.00 | 62.00 | NOTE | |
| r-release-windows-x86_64 | 0.3.1 | 10.00 | 77.00 | 87.00 | NOTE | |
| r-oldrel-macos-arm64 | 0.3.1 | 3.00 | 31.00 | 34.00 | OK | |
| r-oldrel-macos-x86_64 | 0.3.1 | 6.00 | 45.00 | 51.00 | OK | |
| r-oldrel-windows-x86_64 | 0.3.1 | 13.00 | 92.00 | 105.00 | OK | 
Version: 0.3.1
Check: DESCRIPTION meta-information
Result: NOTE
    Missing dependency on R >= 4.1.0 because package code uses the pipe
    |> or function shorthand \(...) syntax added in R 4.1.0.
    File(s) using such syntax:
      ‘stamp.direction.r’
Flavors: r-devel-linux-x86_64-debian-clang, r-devel-linux-x86_64-debian-gcc, r-devel-linux-x86_64-fedora-clang, r-devel-linux-x86_64-fedora-gcc, r-devel-windows-x86_64, r-patched-linux-x86_64, r-release-linux-x86_64, r-release-macos-arm64, r-release-macos-x86_64, r-release-windows-x86_64