Last updated on 2025-10-31 00:51:17 CET.
| Flavor | Version | Tinstall | Tcheck | Ttotal | Status | Flags | 
|---|---|---|---|---|---|---|
| r-devel-linux-x86_64-debian-clang | 1.5.8 | 14.87 | 85.02 | 99.89 | NOTE | |
| r-devel-linux-x86_64-debian-gcc | 1.5.8 | 10.47 | 60.72 | 71.19 | NOTE | |
| r-devel-linux-x86_64-fedora-clang | 1.5.8 | 30.00 | 123.82 | 153.82 | OK | |
| r-devel-linux-x86_64-fedora-gcc | 1.5.8 | 31.00 | 114.79 | 145.79 | OK | |
| r-devel-windows-x86_64 | 1.5.8 | 14.00 | 92.00 | 106.00 | OK | |
| r-patched-linux-x86_64 | 1.5.8 | 14.46 | 80.32 | 94.78 | OK | |
| r-release-linux-x86_64 | 1.5.8 | 14.04 | 80.58 | 94.62 | OK | |
| r-release-macos-arm64 | 1.5.8 | 6.00 | 38.00 | 44.00 | OK | |
| r-release-macos-x86_64 | 1.5.8 | 13.00 | 87.00 | 100.00 | OK | |
| r-release-windows-x86_64 | 1.5.8 | 15.00 | 95.00 | 110.00 | OK | |
| r-oldrel-macos-arm64 | 1.5.8 | 6.00 | 35.00 | 41.00 | OK | |
| r-oldrel-macos-x86_64 | 1.5.8 | 12.00 | 73.00 | 85.00 | OK | |
| r-oldrel-windows-x86_64 | 1.5.8 | 20.00 | 118.00 | 138.00 | OK | 
Version: 1.5.8
Check: CRAN incoming feasibility
Result: NOTE
  Maintainer: ‘Luis Hernando Vanegas <hvanegasp@gmail.com>’
  
  No Authors@R field in DESCRIPTION.
  Please add one, modifying
    Authors@R: c(person(given = c("Luis", "Hernando"),
                        family = "Vanegas",
                        role = c("aut", "cre"),
                        email = "hvanegasp@gmail.com"),
                 person(given = c("Gilberto", "A."),
                        family = "Paula",
                        role = "aut"))
  as necessary.
Flavors: r-devel-linux-x86_64-debian-clang, r-devel-linux-x86_64-debian-gcc