Last updated on 2025-02-22 00:50:02 CET.
Flavor | Version | Tinstall | Tcheck | Ttotal | Status | Flags |
---|---|---|---|---|---|---|
r-devel-linux-x86_64-debian-clang | 0.1.1 | 2.54 | 70.45 | 72.99 | OK | |
r-devel-linux-x86_64-debian-gcc | 0.1.1 | 1.87 | 47.13 | 49.00 | OK | |
r-devel-linux-x86_64-fedora-clang | 0.1.1 | 127.07 | NOTE | |||
r-devel-linux-x86_64-fedora-gcc | 0.1.1 | 124.84 | NOTE | |||
r-devel-macos-arm64 | 0.1.1 | 40.00 | OK | |||
r-devel-macos-x86_64 | 0.1.1 | 71.00 | OK | |||
r-devel-windows-x86_64 | 0.1.1 | 3.00 | 78.00 | 81.00 | OK | |
r-patched-linux-x86_64 | 0.1.1 | 2.63 | 65.31 | 67.94 | OK | |
r-release-linux-x86_64 | 0.1.1 | 2.25 | 65.07 | 67.32 | OK | |
r-release-macos-arm64 | 0.1.1 | 37.00 | OK | |||
r-release-macos-x86_64 | 0.1.1 | 58.00 | OK | |||
r-release-windows-x86_64 | 0.1.1 | 4.00 | 81.00 | 85.00 | OK | |
r-oldrel-macos-arm64 | 0.1.1 | 43.00 | OK | |||
r-oldrel-macos-x86_64 | 0.1.1 | 67.00 | OK | |||
r-oldrel-windows-x86_64 | 0.1.1 | 4.00 | 102.00 | 106.00 | OK |
Version: 0.1.1
Check: dependencies in R code
Result: NOTE
Namespace in Imports field not imported from: ‘e1071’
All declared Imports should be used.
Flavors: r-devel-linux-x86_64-fedora-clang, r-devel-linux-x86_64-fedora-gcc