Last updated on 2025-10-31 00:51:17 CET.
| Flavor | Version | Tinstall | Tcheck | Ttotal | Status | Flags | 
|---|---|---|---|---|---|---|
| r-devel-linux-x86_64-debian-clang | 0.1.1 | 2.11 | 26.87 | 28.98 | NOTE | |
| r-devel-linux-x86_64-debian-gcc | 0.1.1 | 1.61 | 21.37 | 22.98 | NOTE | |
| r-devel-linux-x86_64-fedora-clang | 0.1.1 | 40.28 | OK | |||
| r-devel-linux-x86_64-fedora-gcc | 0.1.1 | 37.52 | OK | |||
| r-devel-windows-x86_64 | 0.1.1 | 3.00 | 48.00 | 51.00 | OK | |
| r-patched-linux-x86_64 | 0.1.1 | 2.17 | 24.39 | 26.56 | OK | |
| r-release-linux-x86_64 | 0.1.1 | 2.06 | 24.13 | 26.19 | OK | |
| r-release-macos-arm64 | 0.1.1 | 1.00 | 16.00 | 17.00 | OK | |
| r-release-macos-x86_64 | 0.1.1 | 2.00 | 27.00 | 29.00 | OK | |
| r-release-windows-x86_64 | 0.1.1 | 5.00 | 51.00 | 56.00 | OK | |
| r-oldrel-macos-arm64 | 0.1.1 | 1.00 | 16.00 | 17.00 | OK | |
| r-oldrel-macos-x86_64 | 0.1.1 | 2.00 | 25.00 | 27.00 | OK | |
| r-oldrel-windows-x86_64 | 0.1.1 | 5.00 | 55.00 | 60.00 | OK | 
Version: 0.1.1
Check: CRAN incoming feasibility
Result: NOTE
  Maintainer: ‘Sebastien Thonnard <sebastien.thonnard@icloud.com>’
  
  No Authors@R field in DESCRIPTION.
  Please add one, modifying
    Authors@R: person(given = "Sebastien",
                      family = "Thonnard",
                      role = c("aut", "cre"),
                      email = "sebastien.thonnard@icloud.com")
  as necessary.
Flavors: r-devel-linux-x86_64-debian-clang, r-devel-linux-x86_64-debian-gcc