Last updated on 2025-02-22 00:50:02 CET.
Flavor | Version | Tinstall | Tcheck | Ttotal | Status | Flags |
---|---|---|---|---|---|---|
r-devel-linux-x86_64-debian-clang | 0.7-17 | 5.12 | 95.12 | 100.24 | NOTE | |
r-devel-linux-x86_64-debian-gcc | 0.7-17 | 3.46 | 56.72 | 60.18 | NOTE | |
r-devel-linux-x86_64-fedora-clang | 0.7-17 | 172.27 | OK | |||
r-devel-linux-x86_64-fedora-gcc | 0.7-17 | 170.18 | OK | |||
r-devel-macos-arm64 | 0.7-17 | 45.00 | OK | |||
r-devel-macos-x86_64 | 0.7-17 | 93.00 | OK | |||
r-devel-windows-x86_64 | 0.7-17 | 6.00 | 110.00 | 116.00 | NOTE | |
r-patched-linux-x86_64 | 0.7-17 | 5.46 | 93.45 | 98.91 | OK | |
r-release-linux-x86_64 | 0.7-17 | 4.91 | 93.46 | 98.37 | OK | |
r-release-macos-arm64 | 0.7-17 | 44.00 | OK | |||
r-release-macos-x86_64 | 0.7-17 | 84.00 | OK | |||
r-release-windows-x86_64 | 0.7-17 | 6.00 | 111.00 | 117.00 | OK | |
r-oldrel-macos-arm64 | 0.7-17 | 58.00 | OK | |||
r-oldrel-macos-x86_64 | 0.7-17 | 120.00 | OK | |||
r-oldrel-windows-x86_64 | 0.7-17 | 8.00 | 141.00 | 149.00 | OK |
Version: 0.7-17
Check: Rd cross-references
Result: NOTE
Found the following Rd file(s) with Rd \link{} targets missing package
anchors:
plot.Rd: levelplot
Please provide package anchors for all Rd \link{} targets not in the
package itself and the base packages.
Flavors: r-devel-linux-x86_64-debian-clang, r-devel-linux-x86_64-debian-gcc, r-devel-windows-x86_64