Last updated on 2025-02-22 00:50:02 CET.
Flavor | Version | Tinstall | Tcheck | Ttotal | Status | Flags |
---|---|---|---|---|---|---|
r-devel-linux-x86_64-debian-clang | 1.1-1 | 7.58 | 67.72 | 75.30 | OK | |
r-devel-linux-x86_64-debian-gcc | 1.1-1 | 5.45 | 49.35 | 54.80 | OK | |
r-devel-linux-x86_64-fedora-clang | 1.1-1 | 119.50 | OK | |||
r-devel-linux-x86_64-fedora-gcc | 1.1-1 | 113.48 | OK | |||
r-devel-macos-arm64 | 1.1-1 | 37.00 | OK | |||
r-devel-macos-x86_64 | 1.1-1 | 71.00 | OK | |||
r-devel-windows-x86_64 | 1.1-1 | 9.00 | 80.00 | 89.00 | OK | |
r-patched-linux-x86_64 | 1.1-1 | 7.03 | 64.68 | 71.71 | OK | |
r-release-linux-x86_64 | 1.1-1 | 7.67 | 64.14 | 71.81 | OK | |
r-release-macos-arm64 | 1.1-1 | 37.00 | OK | |||
r-release-macos-x86_64 | 1.1-1 | 54.00 | OK | |||
r-release-windows-x86_64 | 1.1-1 | 9.00 | 78.00 | 87.00 | OK | |
r-oldrel-macos-arm64 | 1.1-1 | 38.00 | OK | |||
r-oldrel-macos-x86_64 | 1.1-1 | 64.00 | NOTE | |||
r-oldrel-windows-x86_64 | 1.1-1 | 10.00 | 123.00 | 133.00 | OK |
Version: 1.1-1
Check: package dependencies
Result: NOTE
Package suggested but not available for checking: ‘ecpc’
Flavor: r-oldrel-macos-x86_64