Last updated on 2025-10-31 00:51:17 CET.
| Flavor | Version | Tinstall | Tcheck | Ttotal | Status | Flags | 
|---|---|---|---|---|---|---|
| r-devel-linux-x86_64-debian-clang | 0.4.0 | 76.83 | 193.39 | 270.22 | OK | |
| r-devel-linux-x86_64-debian-gcc | 0.4.0 | 52.67 | 129.82 | 182.49 | OK | |
| r-devel-linux-x86_64-fedora-clang | 0.4.0 | 137.00 | 308.13 | 445.13 | OK | |
| r-devel-linux-x86_64-fedora-gcc | 0.4.0 | 99.00 | 327.73 | 426.73 | OK | |
| r-devel-windows-x86_64 | 0.4.0 | 89.00 | 217.00 | 306.00 | OK | |
| r-patched-linux-x86_64 | 0.4.0 | 76.62 | 183.85 | 260.47 | OK | |
| r-release-linux-x86_64 | 0.4.0 | 72.78 | 185.42 | 258.20 | OK | |
| r-release-macos-arm64 | 0.4.0 | 33.00 | 82.00 | 115.00 | OK | |
| r-release-macos-x86_64 | 0.4.0 | 39.00 | 171.00 | 210.00 | OK | |
| r-release-windows-x86_64 | 0.4.0 | 87.00 | 218.00 | 305.00 | OK | |
| r-oldrel-macos-arm64 | 0.4.0 | 33.00 | 76.00 | 109.00 | NOTE | |
| r-oldrel-macos-x86_64 | 0.4.0 | 34.00 | 164.00 | 198.00 | NOTE | |
| r-oldrel-windows-x86_64 | 0.4.0 | 106.00 | 292.00 | 398.00 | OK | 
Version: 0.4.0
Check: installed package size
Result: NOTE
    installed size is 13.9Mb
    sub-directories of 1Mb or more:
      data   1.1Mb
      help   1.2Mb
      libs  11.5Mb
Flavors: r-oldrel-macos-arm64, r-oldrel-macos-x86_64