Last updated on 2024-08-24 02:49:56 CEST.
Flavor | Version | Tinstall | Tcheck | Ttotal | Status | Flags |
---|---|---|---|---|---|---|
r-devel-linux-x86_64-debian-clang | 1.4.8 | 2.95 | 30.28 | 33.23 | NOTE | |
r-devel-linux-x86_64-debian-gcc | 1.4.8 | 2.14 | 23.75 | 25.89 | NOTE | |
r-devel-linux-x86_64-fedora-clang | 1.4.8 | 53.04 | NOTE | |||
r-devel-linux-x86_64-fedora-gcc | 1.4.8 | 50.05 | NOTE | |||
r-devel-windows-x86_64 | 1.4.8 | 4.00 | 62.00 | 66.00 | NOTE | |
r-patched-linux-x86_64 | 1.4.8 | 3.40 | 28.93 | 32.33 | NOTE | |
r-release-linux-x86_64 | 1.4.8 | 2.94 | 28.80 | 31.74 | NOTE | |
r-release-macos-arm64 | 1.4.8 | 18.00 | NOTE | |||
r-release-macos-x86_64 | 1.4.8 | 32.00 | NOTE | |||
r-release-windows-x86_64 | 1.4.8 | 4.00 | 54.00 | 58.00 | NOTE | |
r-oldrel-macos-arm64 | 1.4.8 | 19.00 | NOTE | |||
r-oldrel-macos-x86_64 | 1.4.8 | 29.00 | NOTE | |||
r-oldrel-windows-x86_64 | 1.4.8 | 5.00 | 60.00 | 65.00 | NOTE |
Version: 1.4.8
Check: package subdirectories
Result: NOTE
Problems with news in ‘NEWS.md’:
Cannot extract version info from the following section titles:
Feature Changes
Flavors: r-devel-linux-x86_64-debian-clang, r-devel-linux-x86_64-debian-gcc, r-devel-linux-x86_64-fedora-clang, r-devel-linux-x86_64-fedora-gcc, r-devel-windows-x86_64, r-patched-linux-x86_64, r-release-linux-x86_64, r-release-macos-arm64, r-release-macos-x86_64, r-release-windows-x86_64, r-oldrel-macos-arm64, r-oldrel-macos-x86_64, r-oldrel-windows-x86_64
Version: 1.4.8
Check: Rd cross-references
Result: NOTE
Undeclared packages ‘reshape2’, ‘sampling’, ‘dplyr’ in Rd xrefs
Flavor: r-devel-linux-x86_64-fedora-clang