Last updated on 2025-10-31 00:51:17 CET.
| Flavor | Version | Tinstall | Tcheck | Ttotal | Status | Flags | 
|---|---|---|---|---|---|---|
| r-devel-linux-x86_64-debian-clang | 0.5.4 | 29.92 | 58.48 | 88.40 | OK | |
| r-devel-linux-x86_64-debian-gcc | 0.5.4 | 19.00 | 46.66 | 65.66 | OK | |
| r-devel-linux-x86_64-fedora-clang | 0.5.4 | 56.00 | 85.07 | 141.07 | OK | |
| r-devel-linux-x86_64-fedora-gcc | 0.5.4 | 65.00 | 87.06 | 152.06 | OK | |
| r-devel-windows-x86_64 | 0.5.4 | 36.00 | 117.00 | 153.00 | OK | |
| r-patched-linux-x86_64 | 0.5.4 | 30.34 | 55.26 | 85.60 | OK | |
| r-release-linux-x86_64 | 0.5.4 | 28.92 | 55.11 | 84.03 | OK | |
| r-release-macos-arm64 | 0.5.4 | 13.00 | 41.00 | 54.00 | OK | |
| r-release-macos-x86_64 | 0.5.4 | 19.00 | 54.00 | 73.00 | OK | |
| r-release-windows-x86_64 | 0.5.4 | 36.00 | 93.00 | 129.00 | OK | |
| r-oldrel-macos-arm64 | 0.5.4 | 14.00 | 73.00 | 87.00 | NOTE | |
| r-oldrel-macos-x86_64 | 0.5.4 | 24.00 | 121.00 | 145.00 | NOTE | |
| r-oldrel-windows-x86_64 | 0.5.4 | 40.00 | 107.00 | 147.00 | OK | 
Version: 0.5.4
Check: installed package size
Result: NOTE
    installed size is  5.1Mb
    sub-directories of 1Mb or more:
      doc    1.2Mb
      libs   3.4Mb
Flavors: r-oldrel-macos-arm64, r-oldrel-macos-x86_64