Last updated on 2025-10-31 00:51:17 CET.
| Flavor | Version | Tinstall | Tcheck | Ttotal | Status | Flags | 
|---|---|---|---|---|---|---|
| r-devel-linux-x86_64-debian-clang | 2.2.1 | 10.01 | 147.98 | 157.99 | NOTE | |
| r-devel-linux-x86_64-debian-gcc | 2.2.1 | 7.18 | 100.75 | 107.93 | NOTE | |
| r-devel-linux-x86_64-fedora-clang | 2.2.1 | 24.00 | 219.67 | 243.67 | OK | |
| r-devel-linux-x86_64-fedora-gcc | 2.2.1 | 24.00 | 222.76 | 246.76 | OK | |
| r-devel-windows-x86_64 | 2.2.1 | 12.00 | 171.00 | 183.00 | OK | |
| r-patched-linux-x86_64 | 2.2.1 | 10.07 | 142.06 | 152.13 | OK | |
| r-release-linux-x86_64 | 2.2.1 | 10.75 | 143.06 | 153.81 | OK | |
| r-release-macos-arm64 | 2.2.1 | 5.00 | 65.00 | 70.00 | OK | |
| r-release-macos-x86_64 | 2.2.1 | 10.00 | 136.00 | 146.00 | OK | |
| r-release-windows-x86_64 | 2.2.1 | 12.00 | 148.00 | 160.00 | OK | |
| r-oldrel-macos-arm64 | 2.2.1 | 3.00 | 58.00 | 61.00 | OK | |
| r-oldrel-macos-x86_64 | 2.2.1 | 6.00 | 99.00 | 105.00 | OK | |
| r-oldrel-windows-x86_64 | 2.2.1 | 15.00 | 198.00 | 213.00 | OK | 
Version: 2.2.1
Check: CRAN incoming feasibility
Result: NOTE
  Maintainer: ‘Sam Levin <levisc8@gmail.com>’
  
  No Authors@R field in DESCRIPTION.
  Please add one, modifying
    Authors@R: c(person(given = "Gudrun",
                        family = "Carl",
                        role = c("cre", "aut")),
                 person(given = "Ingolf",
                        family = "Kuehn",
                        role = "aut"),
                 person(given = "Sam",
                        family = "Levin",
                        role = c("aut", "cre"),
                        email = "levisc8@gmail.com"))
  as necessary.
  
  Package CITATION file contains call(s) to old-style personList() or
  as.personList().  Please use c() on person objects instead.
  Package CITATION file contains call(s) to old-style citEntry().  Please
  use bibentry() instead.
Flavors: r-devel-linux-x86_64-debian-clang, r-devel-linux-x86_64-debian-gcc