Last updated on 2024-08-24 02:49:56 CEST.
Flavor | Version | Tinstall | Tcheck | Ttotal | Status | Flags |
---|---|---|---|---|---|---|
r-devel-linux-x86_64-debian-clang | 4.3.3 | 16.25 | 233.78 | 250.03 | OK | |
r-devel-linux-x86_64-debian-gcc | 4.3.3 | 12.54 | 132.79 | 145.33 | OK | |
r-devel-linux-x86_64-fedora-clang | 4.3.3 | 433.45 | NOTE | |||
r-devel-linux-x86_64-fedora-gcc | 4.3.3 | 395.85 | OK | |||
r-devel-windows-x86_64 | 4.3.3 | 19.00 | 233.00 | 252.00 | NOTE | |
r-patched-linux-x86_64 | 4.3.3 | 16.77 | 197.61 | 214.38 | OK | |
r-release-linux-x86_64 | 4.3.3 | 15.12 | 173.58 | 188.70 | OK | |
r-release-macos-arm64 | 4.3.3 | 92.00 | WARN | |||
r-release-macos-x86_64 | 4.3.3 | 176.00 | WARN | |||
r-release-windows-x86_64 | 4.3.3 | 19.00 | 206.00 | 225.00 | NOTE | |
r-oldrel-macos-arm64 | 4.3.3 | 108.00 | WARN | |||
r-oldrel-macos-x86_64 | 4.3.3 | 227.00 | WARN | |||
r-oldrel-windows-x86_64 | 4.3.3 | 24.00 | 270.00 | 294.00 | NOTE |
Version: 4.3.3
Check: installed package size
Result: NOTE
installed size is 6.1Mb
sub-directories of 1Mb or more:
doc 4.6Mb
Flavors: r-devel-linux-x86_64-fedora-clang, r-devel-windows-x86_64, r-release-macos-arm64, r-release-macos-x86_64, r-release-windows-x86_64, r-oldrel-macos-arm64, r-oldrel-macos-x86_64, r-oldrel-windows-x86_64
Version: 4.3.3
Check: for missing documentation entries
Result: WARN
Undocumented S4 methods:
generic '[' and siglist 'SpectraInTime,ANY,missing,ANY'
generic '[' and siglist 'SpectraInTime,missing,ANY,ANY'
generic '[' and siglist 'SpectraInTime,missing,missing,ANY'
generic '[' and siglist 'SpectraInTimeComp,ANY,ANY,ANY'
generic '[' and siglist 'SpectraInTimeComp,ANY,missing,ANY'
generic '[' and siglist 'SpectraInTimeComp,missing,ANY,ANY'
All user-level objects in a package (including S4 classes and methods)
should have documentation entries.
See chapter ‘Writing R documentation files’ in the ‘Writing R
Extensions’ manual.
Flavors: r-release-macos-arm64, r-release-macos-x86_64, r-oldrel-macos-arm64, r-oldrel-macos-x86_64