Last updated on 2025-10-31 00:51:17 CET.
| Flavor | Version | Tinstall | Tcheck | Ttotal | Status | Flags | 
|---|---|---|---|---|---|---|
| r-devel-linux-x86_64-debian-clang | 0.0.1.7 | 28.15 | 30.37 | 58.52 | NOTE | |
| r-devel-linux-x86_64-debian-gcc | 0.0.1.7 | 17.99 | 26.64 | 44.63 | NOTE | |
| r-devel-linux-x86_64-fedora-clang | 0.0.1.7 | 65.00 | 47.41 | 112.41 | NOTE | |
| r-devel-linux-x86_64-fedora-gcc | 0.0.1.7 | 60.00 | 51.08 | 111.08 | NOTE | |
| r-devel-windows-x86_64 | 0.0.1.7 | 32.00 | 71.00 | 103.00 | NOTE | |
| r-patched-linux-x86_64 | 0.0.1.7 | 28.44 | 29.30 | 57.74 | NOTE | |
| r-release-linux-x86_64 | 0.0.1.7 | 28.63 | 29.36 | 57.99 | NOTE | |
| r-release-macos-arm64 | 0.0.1.7 | 11.00 | 30.00 | 41.00 | NOTE | |
| r-release-macos-x86_64 | 0.0.1.7 | 13.00 | 41.00 | 54.00 | NOTE | |
| r-release-windows-x86_64 | 0.0.1.7 | 36.00 | 73.00 | 109.00 | NOTE | |
| r-oldrel-macos-arm64 | 0.0.1.7 | 13.00 | 24.00 | 37.00 | NOTE | |
| r-oldrel-macos-x86_64 | 0.0.1.7 | 13.00 | 34.00 | 47.00 | NOTE | |
| r-oldrel-windows-x86_64 | 0.0.1.7 | 34.00 | 90.00 | 124.00 | NOTE | 
Version: 0.0.1.7
Check: CRAN incoming feasibility
Result: NOTE
  Maintainer: ‘Denis Rastegaev <drastega@gmail.com>’
  
  No Authors@R field in DESCRIPTION.
  Please add one, modifying
    Authors@R: person(given = "Denis",
                      family = "Rastegaev",
                      role = c("aut", "cre"),
                      email = "drastega@gmail.com")
  as necessary.
Flavors: r-devel-linux-x86_64-debian-clang, r-devel-linux-x86_64-debian-gcc
Version: 0.0.1.7
Check: package subdirectories
Result: NOTE
  Problems with news in ‘NEWS.md’:
    Cannot extract version info from the following section titles:
      Roadmap of specklestar package
Flavors: r-devel-linux-x86_64-debian-clang, r-devel-linux-x86_64-debian-gcc, r-devel-linux-x86_64-fedora-clang, r-devel-linux-x86_64-fedora-gcc, r-devel-windows-x86_64, r-patched-linux-x86_64, r-release-linux-x86_64, r-release-macos-arm64, r-release-macos-x86_64, r-release-windows-x86_64, r-oldrel-macos-arm64, r-oldrel-macos-x86_64, r-oldrel-windows-x86_64
Version: 0.0.1.7
Check: LazyData
Result: NOTE
    'LazyData' is specified without a 'data' directory
Flavors: r-oldrel-macos-arm64, r-oldrel-macos-x86_64, r-oldrel-windows-x86_64