Last updated on 2024-07-22 01:49:36 CEST.
Flavor | Version | Tinstall | Tcheck | Ttotal | Status | Flags |
---|---|---|---|---|---|---|
r-devel-linux-x86_64-debian-clang | 3.0-1 | 11.38 | 111.18 | 122.56 | NOTE | |
r-devel-linux-x86_64-debian-gcc | 3.1-0 | 6.68 | 80.84 | 87.52 | NOTE | |
r-devel-linux-x86_64-fedora-clang | 3.1-0 | 151.94 | NOTE | |||
r-devel-linux-x86_64-fedora-gcc | 3.1-0 | 147.19 | NOTE | |||
r-devel-windows-x86_64 | 3.1-0 | 11.00 | 87.00 | 98.00 | NOTE | |
r-patched-linux-x86_64 | 3.0-1 | 8.05 | 105.75 | 113.80 | NOTE | |
r-release-linux-x86_64 | 3.1-0 | 7.20 | 105.50 | 112.70 | NOTE | |
r-release-macos-arm64 | 3.1-0 | 59.00 | NOTE | |||
r-release-macos-x86_64 | 3.1-0 | 93.00 | NOTE | |||
r-release-windows-x86_64 | 3.0-1 | 9.00 | 91.00 | 100.00 | NOTE | |
r-oldrel-macos-arm64 | 3.1-0 | 54.00 | NOTE | |||
r-oldrel-macos-x86_64 | 3.1-0 | 98.00 | NOTE | |||
r-oldrel-windows-x86_64 | 3.1-0 | 11.00 | 98.00 | 109.00 | NOTE |
Version: 3.0-1
Check: package dependencies
Result: NOTE
Depends: includes the non-default packages:
'spatstat.geom', 'spatstat.random', 'spatstat.explore',
'spatstat.model', 'spatstat.linnet', 'spatstat.data', 'spatstat',
'rpanel', 'tcltk'
Adding so many packages to the search path is excessive and importing
selectively is preferable.
Flavors: r-devel-linux-x86_64-debian-clang, r-patched-linux-x86_64, r-release-windows-x86_64
Version: 3.1-0
Check: package dependencies
Result: NOTE
Depends: includes the non-default packages:
'spatstat.data', 'spatstat.univar', 'spatstat.geom',
'spatstat.random', 'spatstat.explore', 'spatstat.model',
'spatstat.linnet', 'spatstat', 'rpanel', 'tcltk'
Adding so many packages to the search path is excessive and importing
selectively is preferable.
Flavors: r-devel-linux-x86_64-debian-gcc, r-devel-linux-x86_64-fedora-clang, r-devel-linux-x86_64-fedora-gcc, r-devel-windows-x86_64, r-release-linux-x86_64, r-release-macos-arm64, r-release-macos-x86_64, r-oldrel-macos-arm64, r-oldrel-macos-x86_64, r-oldrel-windows-x86_64