Last updated on 2025-10-31 00:51:17 CET.
| Flavor | Version | Tinstall | Tcheck | Ttotal | Status | Flags | 
|---|---|---|---|---|---|---|
| r-devel-linux-x86_64-debian-clang | 2.11-1 | 40.93 | 141.06 | 181.99 | OK | |
| r-devel-linux-x86_64-debian-gcc | 2.11-1 | 26.94 | 99.44 | 126.38 | OK | |
| r-devel-linux-x86_64-fedora-clang | 2.11-1 | 129.00 | 168.84 | 297.84 | OK | |
| r-devel-linux-x86_64-fedora-gcc | 2.11-1 | 84.00 | 205.30 | 289.30 | OK | |
| r-devel-windows-x86_64 | 2.11-1 | 52.00 | 181.00 | 233.00 | OK | |
| r-patched-linux-x86_64 | 2.11-1 | 36.72 | 134.15 | 170.87 | OK | |
| r-release-linux-x86_64 | 2.11-1 | 34.98 | 135.86 | 170.84 | OK | |
| r-release-macos-arm64 | 2.11-1 | 18.00 | 70.00 | 88.00 | OK | |
| r-release-macos-x86_64 | 2.11-1 | 28.00 | 132.00 | 160.00 | OK | |
| r-release-windows-x86_64 | 2.11-1 | 56.00 | 184.00 | 240.00 | OK | |
| r-oldrel-macos-arm64 | 2.11-1 | 17.00 | 84.00 | 101.00 | OK | |
| r-oldrel-macos-x86_64 | 2.11-1 | 49.00 | 168.00 | 217.00 | NOTE | |
| r-oldrel-windows-x86_64 | 2.11-1 | 65.00 | 225.00 | 290.00 | OK | 
Version: 2.11-1
Check: installed package size
Result: NOTE
    installed size is  5.6Mb
    sub-directories of 1Mb or more:
      R      2.0Mb
      doc    1.3Mb
      libs   1.5Mb
Flavor: r-oldrel-macos-x86_64