Last updated on 2025-11-01 01:50:46 CET.
| Flavor | Version | Tinstall | Tcheck | Ttotal | Status | Flags |
|---|---|---|---|---|---|---|
| r-devel-linux-x86_64-debian-clang | 1.4.0 | 163.39 | 85.78 | 249.17 | OK | |
| r-devel-linux-x86_64-debian-gcc | 1.4.0 | 104.91 | 62.14 | 167.05 | OK | |
| r-devel-linux-x86_64-fedora-clang | 1.4.0 | 274.00 | 191.21 | 465.21 | OK | |
| r-devel-linux-x86_64-fedora-gcc | 1.4.0 | 256.00 | 182.74 | 438.74 | OK | |
| r-devel-windows-x86_64 | 1.4.0 | 191.00 | 114.00 | 305.00 | OK | |
| r-patched-linux-x86_64 | 1.4.0 | 157.75 | 81.80 | 239.55 | OK | |
| r-release-linux-x86_64 | 1.4.0 | 170.89 | 81.56 | 252.45 | OK | |
| r-release-macos-arm64 | 1.4.0 | 56.00 | 48.00 | 104.00 | OK | |
| r-release-macos-x86_64 | 1.4.0 | 61.00 | 115.00 | 176.00 | OK | |
| r-release-windows-x86_64 | 1.4.0 | 192.00 | 111.00 | 303.00 | OK | |
| r-oldrel-macos-arm64 | 1.4.0 | 55.00 | 52.00 | 107.00 | NOTE | |
| r-oldrel-macos-x86_64 | 1.4.0 | 65.00 | 103.00 | 168.00 | NOTE | |
| r-oldrel-windows-x86_64 | 1.4.0 | 223.00 | 138.00 | 361.00 | OK |
Version: 1.4.0
Check: installed package size
Result: NOTE
installed size is 13.6Mb
sub-directories of 1Mb or more:
data 3.3Mb
libs 9.7Mb
Flavors: r-oldrel-macos-arm64, r-oldrel-macos-x86_64