Last updated on 2025-02-22 00:50:01 CET.
Flavor | Version | Tinstall | Tcheck | Ttotal | Status | Flags |
---|---|---|---|---|---|---|
r-devel-linux-x86_64-debian-clang | 0.2.1 | 111.46 | 232.01 | 343.47 | OK | |
r-devel-linux-x86_64-debian-gcc | 0.2.1 | 74.47 | 142.00 | 216.47 | OK | |
r-devel-linux-x86_64-fedora-clang | 0.2.1 | 583.27 | OK | |||
r-devel-linux-x86_64-fedora-gcc | 0.2.1 | 543.79 | OK | |||
r-devel-macos-arm64 | 0.2.1 | 120.00 | OK | |||
r-devel-macos-x86_64 | 0.2.1 | 252.00 | OK | |||
r-devel-windows-x86_64 | 0.2.1 | 115.00 | 219.00 | 334.00 | OK | |
r-patched-linux-x86_64 | 0.2.1 | 116.58 | 216.03 | 332.61 | OK | |
r-release-linux-x86_64 | 0.2.1 | 108.93 | 212.30 | 321.23 | OK | |
r-release-macos-arm64 | 0.2.1 | 129.00 | NOTE | |||
r-release-macos-x86_64 | 0.2.1 | 222.00 | NOTE | |||
r-release-windows-x86_64 | 0.2.1 | 119.00 | 215.00 | 334.00 | OK | |
r-oldrel-macos-arm64 | 0.2.1 | 130.00 | NOTE | |||
r-oldrel-macos-x86_64 | 0.2.1 | 212.00 | NOTE | |||
r-oldrel-windows-x86_64 | 0.2.1 | 143.00 | 288.00 | 431.00 | OK |
Version: 0.2.1
Check: installed package size
Result: NOTE
installed size is 5.1Mb
sub-directories of 1Mb or more:
R 2.0Mb
libs 2.4Mb
Flavors: r-release-macos-arm64, r-release-macos-x86_64, r-oldrel-macos-arm64, r-oldrel-macos-x86_64