Last updated on 2025-10-31 00:51:16 CET.
| Flavor | Version | Tinstall | Tcheck | Ttotal | Status | Flags | 
|---|---|---|---|---|---|---|
| r-devel-linux-x86_64-debian-clang | 1.2.4 | 9.43 | 66.85 | 76.28 | NOTE | |
| r-devel-linux-x86_64-debian-gcc | 1.2.4 | 7.31 | 49.43 | 56.74 | NOTE | |
| r-devel-linux-x86_64-fedora-clang | 1.2.4 | 21.00 | 97.64 | 118.64 | OK | |
| r-devel-linux-x86_64-fedora-gcc | 1.2.4 | 23.00 | 105.79 | 128.79 | OK | |
| r-devel-windows-x86_64 | 1.2.4 | 11.00 | 83.00 | 94.00 | NOTE | |
| r-patched-linux-x86_64 | 1.2.4 | 9.95 | 63.78 | 73.73 | NOTE | |
| r-release-linux-x86_64 | 1.2.4 | 10.62 | 63.26 | 73.88 | NOTE | |
| r-release-macos-arm64 | 1.2.4 | 5.00 | 35.00 | 40.00 | OK | |
| r-release-macos-x86_64 | 1.2.4 | 11.00 | 66.00 | 77.00 | OK | |
| r-release-windows-x86_64 | 1.2.4 | 11.00 | 83.00 | 94.00 | NOTE | |
| r-oldrel-macos-arm64 | 1.2.4 | 6.00 | 36.00 | 42.00 | OK | |
| r-oldrel-macos-x86_64 | 1.2.4 | 10.00 | 59.00 | 69.00 | OK | |
| r-oldrel-windows-x86_64 | 1.2.4 | 15.00 | 101.00 | 116.00 | OK | 
Version: 1.2.4
Check: Rd cross-references
Result: NOTE
  Found the following Rd file(s) with Rd \link{} targets missing package
  anchors:
    somsp.Rd: kohonen
    somspa.Rd: kohonen, som
  Please provide package anchors for all Rd \link{} targets not in the
  package itself and the base packages.
Flavors: r-devel-linux-x86_64-debian-clang, r-devel-linux-x86_64-debian-gcc, r-devel-windows-x86_64, r-patched-linux-x86_64, r-release-linux-x86_64, r-release-windows-x86_64