Last updated on 2025-11-02 01:48:50 CET.
| Flavor | Version | Tinstall | Tcheck | Ttotal | Status | Flags |
|---|---|---|---|---|---|---|
| r-devel-linux-x86_64-debian-clang | 1.4.4 | 4.13 | 46.84 | 50.97 | NOTE | |
| r-devel-linux-x86_64-debian-gcc | 1.4.4 | 3.57 | 32.90 | 36.47 | NOTE | |
| r-devel-linux-x86_64-fedora-clang | 1.4.4 | 12.00 | 66.79 | 78.79 | OK | |
| r-devel-linux-x86_64-fedora-gcc | 1.4.4 | 10.00 | 66.56 | 76.56 | OK | |
| r-devel-windows-x86_64 | 1.4.4 | 6.00 | 66.00 | 72.00 | OK | |
| r-patched-linux-x86_64 | 1.4.4 | 4.45 | 44.06 | 48.51 | OK | |
| r-release-linux-x86_64 | 1.4.4 | 4.43 | 43.85 | 48.28 | OK | |
| r-release-macos-arm64 | 1.4.4 | 2.00 | 21.00 | 23.00 | OK | |
| r-release-macos-x86_64 | 1.4.4 | 4.00 | 42.00 | 46.00 | OK | |
| r-release-windows-x86_64 | 1.4.4 | 6.00 | 64.00 | 70.00 | OK | |
| r-oldrel-macos-arm64 | 1.4.4 | 2.00 | 20.00 | 22.00 | OK | |
| r-oldrel-macos-x86_64 | 1.4.4 | 3.00 | 33.00 | 36.00 | OK | |
| r-oldrel-windows-x86_64 | 1.4.4 | 8.00 | 77.00 | 85.00 | OK |
Version: 1.4.4
Check: CRAN incoming feasibility
Result: NOTE
Maintainer: ‘Andreas Dominik <andreas.dominik@mni.thm.de>’
No Authors@R field in DESCRIPTION.
Please add one, modifying
Authors@R: person(given = "Andreas",
family = "Dominik",
role = c("aut", "cre"),
email = "andreas.dominik@mni.thm.de")
as necessary.
Flavors: r-devel-linux-x86_64-debian-clang, r-devel-linux-x86_64-debian-gcc