Last updated on 2025-10-31 00:51:16 CET.
| Flavor | Version | Tinstall | Tcheck | Ttotal | Status | Flags | 
|---|---|---|---|---|---|---|
| r-devel-linux-x86_64-debian-clang | 0.1.0 | 1.84 | 40.43 | 42.27 | NOTE | |
| r-devel-linux-x86_64-debian-gcc | 0.1.0 | 1.45 | 32.14 | 33.59 | NOTE | |
| r-devel-linux-x86_64-fedora-clang | 0.1.0 | 64.16 | NOTE | |||
| r-devel-linux-x86_64-fedora-gcc | 0.1.0 | 77.49 | NOTE | |||
| r-devel-windows-x86_64 | 0.1.0 | 3.00 | 57.00 | 60.00 | OK | |
| r-patched-linux-x86_64 | 0.1.0 | 1.40 | 38.05 | 39.45 | NOTE | |
| r-release-linux-x86_64 | 0.1.0 | 1.69 | 37.45 | 39.14 | NOTE | |
| r-release-macos-arm64 | 0.1.0 | 1.00 | 28.00 | 29.00 | OK | |
| r-release-macos-x86_64 | 0.1.0 | 2.00 | 48.00 | 50.00 | OK | |
| r-release-windows-x86_64 | 0.1.0 | 4.00 | 59.00 | 63.00 | OK | |
| r-oldrel-macos-arm64 | 0.1.0 | 1.00 | 27.00 | 28.00 | OK | |
| r-oldrel-macos-x86_64 | 0.1.0 | 1.00 | 42.00 | 43.00 | OK | |
| r-oldrel-windows-x86_64 | 0.1.0 | 4.00 | 70.00 | 74.00 | OK | 
Version: 0.1.0
Check: CRAN incoming feasibility
Result: NOTE
  Maintainer: ‘Mikkel Freltoft Krogsholm <mikkel@56n.dk>’
  
  No Authors@R field in DESCRIPTION.
  Please add one, modifying
    Authors@R: person(given = c("Mikkel", "Freltoft"),
                      family = "Krogsholm",
                      role = c("aut", "cre"),
                      email = "mikkel@56n.dk")
  as necessary.
Flavors: r-devel-linux-x86_64-debian-clang, r-devel-linux-x86_64-debian-gcc
Version: 0.1.0
Check: for non-standard things in the check directory
Result: NOTE
  Found the following files/directories:
    ‘my_new_social_media_plot.png’
Flavors: r-devel-linux-x86_64-debian-clang, r-devel-linux-x86_64-debian-gcc, r-devel-linux-x86_64-fedora-clang, r-devel-linux-x86_64-fedora-gcc, r-patched-linux-x86_64, r-release-linux-x86_64