Last updated on 2025-10-31 00:51:16 CET.
| Flavor | Version | Tinstall | Tcheck | Ttotal | Status | Flags | 
|---|---|---|---|---|---|---|
| r-devel-linux-x86_64-debian-clang | 0.9 | 12.92 | 124.48 | 137.40 | NOTE | |
| r-devel-linux-x86_64-debian-gcc | 0.9 | 11.23 | 95.47 | 106.70 | NOTE | |
| r-devel-linux-x86_64-fedora-clang | 0.9 | 25.00 | 189.92 | 214.92 | OK | |
| r-devel-linux-x86_64-fedora-gcc | 0.9 | 32.00 | 176.87 | 208.87 | OK | |
| r-devel-windows-x86_64 | 0.9 | 12.00 | 113.00 | 125.00 | OK | |
| r-patched-linux-x86_64 | 0.9 | 14.20 | 121.24 | 135.44 | OK | |
| r-release-linux-x86_64 | 0.9 | 13.39 | 120.62 | 134.01 | OK | |
| r-release-macos-arm64 | 0.9 | 20.00 | 125.00 | 145.00 | OK | |
| r-release-macos-x86_64 | 0.9 | 20.00 | 156.00 | 176.00 | OK | |
| r-release-windows-x86_64 | 0.9 | 15.00 | 113.00 | 128.00 | OK | |
| r-oldrel-macos-arm64 | 0.9 | 11.00 | 85.00 | 96.00 | OK | |
| r-oldrel-macos-x86_64 | 0.9 | 11.00 | 89.00 | 100.00 | OK | |
| r-oldrel-windows-x86_64 | 0.9 | 17.00 | 139.00 | 156.00 | OK | 
Version: 0.9
Check: CRAN incoming feasibility
Result: NOTE
  Maintainer: ‘Herman Jopia <hjopia@gmail.com>’
  
  No Authors@R field in DESCRIPTION.
  Please add one, modifying
    Authors@R: person(given = "Herman",
                      family = "Jopia",
                      role = c("aut", "cre"),
                      email = "hjopia@gmail.com")
  as necessary.
Flavors: r-devel-linux-x86_64-debian-clang, r-devel-linux-x86_64-debian-gcc