Last updated on 2025-02-22 00:50:00 CET.
Flavor | Version | Tinstall | Tcheck | Ttotal | Status | Flags |
---|---|---|---|---|---|---|
r-devel-linux-x86_64-debian-clang | 4.1-15 | 241.39 | 324.99 | 566.38 | OK | |
r-devel-linux-x86_64-debian-gcc | 4.1-15 | 162.78 | 197.74 | 360.52 | OK | |
r-devel-linux-x86_64-fedora-clang | 4.1-15 | 1023.24 | OK | |||
r-devel-linux-x86_64-fedora-gcc | 4.1-15 | 955.33 | OK | |||
r-devel-macos-arm64 | 4.1-15 | 186.00 | OK | |||
r-devel-macos-x86_64 | 4.1-15 | 392.00 | OK | |||
r-devel-windows-x86_64 | 4.1-15 | 244.00 | 355.00 | 599.00 | OK | |
r-patched-linux-x86_64 | 4.1-15 | 248.29 | 305.84 | 554.13 | OK | |
r-release-linux-x86_64 | 4.1-15 | 238.19 | 311.23 | 549.42 | OK | |
r-release-macos-arm64 | 4.1-15 | 186.00 | NOTE | |||
r-release-macos-x86_64 | 4.1-15 | 289.00 | NOTE | |||
r-release-windows-x86_64 | 4.1-15 | 247.00 | 349.00 | 596.00 | NOTE | |
r-oldrel-macos-arm64 | 4.1-15 | 201.00 | NOTE | |||
r-oldrel-macos-x86_64 | 4.1-15 | 400.00 | NOTE | |||
r-oldrel-windows-x86_64 | 4.1-15 | 300.00 | 481.00 | 781.00 | NOTE |
Version: 4.1-15
Check: installed package size
Result: NOTE
installed size is 11.9Mb
sub-directories of 1Mb or more:
R 3.0Mb
libs 6.8Mb
Flavors: r-release-macos-arm64, r-release-macos-x86_64, r-release-windows-x86_64, r-oldrel-macos-arm64, r-oldrel-macos-x86_64, r-oldrel-windows-x86_64