Last updated on 2025-10-31 00:51:16 CET.
| Flavor | Version | Tinstall | Tcheck | Ttotal | Status | Flags | 
|---|---|---|---|---|---|---|
| r-devel-linux-x86_64-debian-clang | 2021.03.10 | 3.88 | 38.04 | 41.92 | OK | |
| r-devel-linux-x86_64-debian-gcc | 2021.03.10 | 3.22 | 28.50 | 31.72 | OK | |
| r-devel-linux-x86_64-fedora-clang | 2021.03.10 | 62.83 | NOTE | |||
| r-devel-linux-x86_64-fedora-gcc | 2021.03.10 | 60.01 | NOTE | |||
| r-devel-windows-x86_64 | 2021.03.10 | 5.00 | 55.00 | 60.00 | OK | |
| r-patched-linux-x86_64 | 2021.03.10 | 3.76 | 35.61 | 39.37 | OK | |
| r-release-linux-x86_64 | 2021.03.10 | 3.48 | 35.67 | 39.15 | OK | |
| r-release-macos-arm64 | 2021.03.10 | 2.00 | 24.00 | 26.00 | OK | |
| r-release-macos-x86_64 | 2021.03.10 | 4.00 | 37.00 | 41.00 | OK | |
| r-release-windows-x86_64 | 2021.03.10 | 6.00 | 59.00 | 65.00 | OK | |
| r-oldrel-macos-arm64 | 2021.03.10 | 2.00 | 21.00 | 23.00 | NOTE | |
| r-oldrel-macos-x86_64 | 2021.03.10 | 3.00 | 29.00 | 32.00 | NOTE | |
| r-oldrel-windows-x86_64 | 2021.03.10 | 7.00 | 66.00 | 73.00 | NOTE | 
Version: 2021.03.10
Check: dependencies in R code
Result: NOTE
  Namespace in Imports field not imported from: ‘DBI’
    All declared Imports should be used.
Flavors: r-devel-linux-x86_64-fedora-clang, r-devel-linux-x86_64-fedora-gcc
Version: 2021.03.10
Check: LazyData
Result: NOTE
    'LazyData' is specified without a 'data' directory
Flavors: r-oldrel-macos-arm64, r-oldrel-macos-x86_64, r-oldrel-windows-x86_64