CRAN Package Check Results for Package simgof

Last updated on 2025-02-23 01:51:54 CET.

Flavor Version Tinstall Tcheck Ttotal Status Flags
r-devel-linux-x86_64-debian-clang 1.0.2 1.78 17.75 19.53 OK
r-devel-linux-x86_64-debian-gcc 1.0.2 1.60 14.22 15.82 OK
r-devel-linux-x86_64-fedora-clang 1.0.2 32.47 OK
r-devel-linux-x86_64-fedora-gcc 1.0.2 30.33 OK
r-devel-macos-arm64 1.0.2 15.00 OK
r-devel-macos-x86_64 1.0.2 24.00 OK
r-devel-windows-x86_64 1.0.2 3.00 54.00 57.00 OK
r-patched-linux-x86_64 1.0.2 2.00 17.39 19.39 NOTE
r-release-linux-x86_64 1.0.2 1.87 17.09 18.96 NOTE
r-release-macos-arm64 1.0.2 15.00 NOTE
r-release-macos-x86_64 1.0.2 21.00 NOTE
r-release-windows-x86_64 1.0.2 2.00 42.00 44.00 NOTE
r-oldrel-macos-arm64 1.0.2 15.00 NOTE
r-oldrel-macos-x86_64 1.0.2 19.00 NOTE
r-oldrel-windows-x86_64 1.0.2 3.00 40.00 43.00 NOTE

Check Details

Version: 1.0.2
Check: LazyData
Result: NOTE 'LazyData' is specified without a 'data' directory Flavors: r-patched-linux-x86_64, r-release-linux-x86_64, r-release-macos-arm64, r-release-macos-x86_64, r-release-windows-x86_64, r-oldrel-macos-arm64, r-oldrel-macos-x86_64, r-oldrel-windows-x86_64