Last updated on 2025-10-31 00:51:16 CET.
| Flavor | Version | Tinstall | Tcheck | Ttotal | Status | Flags | 
|---|---|---|---|---|---|---|
| r-devel-linux-x86_64-debian-clang | 1.0.5 | 57.83 | 122.68 | 180.51 | OK | |
| r-devel-linux-x86_64-debian-gcc | 1.0.5 | 38.35 | 85.81 | 124.16 | OK | |
| r-devel-linux-x86_64-fedora-clang | 1.0.5 | 98.00 | 216.03 | 314.03 | OK | |
| r-devel-linux-x86_64-fedora-gcc | 1.0.5 | 92.00 | 212.68 | 304.68 | OK | |
| r-devel-windows-x86_64 | 1.0.5 | 67.00 | 151.00 | 218.00 | OK | |
| r-patched-linux-x86_64 | 1.0.5 | 58.77 | 116.28 | 175.05 | OK | |
| r-release-linux-x86_64 | 1.0.5 | 55.99 | 115.97 | 171.96 | OK | |
| r-release-macos-arm64 | 1.0.5 | 23.00 | 77.00 | 100.00 | OK | |
| r-release-macos-x86_64 | 1.0.5 | 28.00 | 116.00 | 144.00 | OK | |
| r-release-windows-x86_64 | 1.0.5 | 69.00 | 153.00 | 222.00 | OK | |
| r-oldrel-macos-arm64 | 1.0.5 | 20.00 | 70.00 | 90.00 | NOTE | |
| r-oldrel-macos-x86_64 | 1.0.5 | 44.00 | 150.00 | 194.00 | OK | |
| r-oldrel-windows-x86_64 | 1.0.5 | 83.00 | 190.00 | 273.00 | OK | 
Version: 1.0.5
Check: installed package size
Result: NOTE
    installed size is  5.0Mb
    sub-directories of 1Mb or more:
      libs   3.4Mb
Flavor: r-oldrel-macos-arm64