Last updated on 2025-10-31 00:51:16 CET.
| Flavor | Version | Tinstall | Tcheck | Ttotal | Status | Flags | 
|---|---|---|---|---|---|---|
| r-devel-linux-x86_64-debian-clang | 1.17.1 | 8.39 | 94.35 | 102.74 | NOTE | |
| r-devel-linux-x86_64-debian-gcc | 1.17.1 | 5.15 | 61.64 | 66.79 | NOTE | |
| r-devel-linux-x86_64-fedora-clang | 1.17.1 | 17.00 | 139.85 | 156.85 | NOTE | |
| r-devel-linux-x86_64-fedora-gcc | 1.17.1 | 32.00 | 127.31 | 159.31 | NOTE | |
| r-devel-windows-x86_64 | 1.17.1 | 8.00 | 215.00 | 223.00 | NOTE | |
| r-patched-linux-x86_64 | 1.17.1 | 10.28 | 90.56 | 100.84 | NOTE | |
| r-release-linux-x86_64 | 1.17.1 | 8.15 | 89.72 | 97.87 | NOTE | |
| r-release-macos-arm64 | 1.17.1 | 4.00 | 42.00 | 46.00 | NOTE | |
| r-release-macos-x86_64 | 1.17.1 | 7.00 | 80.00 | 87.00 | NOTE | |
| r-release-windows-x86_64 | 1.17.1 | 11.00 | 137.00 | 148.00 | NOTE | |
| r-oldrel-macos-arm64 | 1.17.1 | 3.00 | 42.00 | 45.00 | NOTE | |
| r-oldrel-macos-x86_64 | 1.17.1 | 5.00 | 83.00 | 88.00 | NOTE | |
| r-oldrel-windows-x86_64 | 1.17.1 | 10.00 | 162.00 | 172.00 | NOTE | 
Version: 1.17.1
Check: CRAN incoming feasibility
Result: NOTE
  Maintainer: ‘ORPHANED’
  
  No Authors@R field in DESCRIPTION.
  Please add one, modifying
    Authors@R: c(person(given = "Alexey",
                        family = "Shipunov",
                        role = c("aut", "cre")),
                 person(given = "Paul",
                        family = "Murrell",
                        role = "ctb"),
                 person(given = "Marcello",
                        family = "D'Orazio",
                        role = "ctb"),
                 person(given = "Stephen",
                        family = "Turner",
                        role = "ctb"),
                 person(given = "Eugeny",
                        family = "Altshuler",
                        role = "ctb"),
                 person(given = "Roland",
                        family = "Rau",
                        role = "ctb"),
                 person(given = c("Marcus", "W"),
                        family = "Beck",
                        role = "ctb"),
                 person(given = "Sebastian",
                        family = "Gibb",
                        role = "ctb"),
                 person(given = "Weiliang",
                        family = "Qiu",
                        role = "ctb"),
                 person(given = "Emmanuel",
                        family = "Paradis",
                        role = "ctb"),
                 person(given = "Roger",
                        family = "Koenker",
                        role = "ctb"),
                 person(given = c("R", "Core"),
                        family = "Team",
                        role = "ctb"),
                 person(family = "ORPHANED",
                        role = "cre"))
  as necessary.
Flavors: r-devel-linux-x86_64-debian-clang, r-devel-linux-x86_64-debian-gcc
Version: 1.17.1
Check: Rd files
Result: NOTE
  checkRd: (-1) MrBayes.Rd:24: Lost braces
      24 | \item{contype}{A character string; the type of consensus tree calculated from the posterior distribution of trees}{either "halfcompat" (majority-rule consensus tree) or "allcombat" (strict consensus tree)}
         |                                                                                                                   ^
  checkRd: (-1) classifs.Rd:28: height/width attributes should be in pixels
  checkRd: (-1) keys.Rd:55: height/width attributes should be in pixels
  checkRd: (-1) keys.Rd:67: height/width attributes should be in pixels
  checkRd: (-1) keys.Rd:84: height/width attributes should be in pixels
  checkRd: (-1) keys.Rd:98: height/width attributes should be in pixels
Flavors: r-devel-linux-x86_64-debian-clang, r-devel-linux-x86_64-debian-gcc, r-devel-linux-x86_64-fedora-clang, r-devel-linux-x86_64-fedora-gcc
Version: 1.17.1
Check: Rd files
Result: NOTE
  checkRd: (-1) MrBayes.Rd:24: Lost braces
      24 | \item{contype}{A character string; the type of consensus tree calculated from the posterior distribution of trees}{either "halfcompat" (majority-rule consensus tree) or "allcombat" (strict consensus tree)}
         |                                                                                                                   ^
Flavors: r-devel-windows-x86_64, r-patched-linux-x86_64, r-release-linux-x86_64, r-release-macos-arm64, r-release-macos-x86_64, r-release-windows-x86_64, r-oldrel-macos-arm64, r-oldrel-macos-x86_64, r-oldrel-windows-x86_64