Last updated on 2025-02-22 00:50:00 CET.
Flavor | Version | Tinstall | Tcheck | Ttotal | Status | Flags |
---|---|---|---|---|---|---|
r-devel-linux-x86_64-debian-clang | 0.1.0 | 15.15 | 104.25 | 119.40 | OK | |
r-devel-linux-x86_64-debian-gcc | 0.1.0 | 11.30 | 72.63 | 83.93 | OK | |
r-devel-linux-x86_64-fedora-clang | 0.1.0 | 195.08 | OK | |||
r-devel-linux-x86_64-fedora-gcc | 0.1.0 | 190.90 | OK | |||
r-devel-macos-arm64 | 0.1.0 | 54.00 | OK | |||
r-devel-macos-x86_64 | 0.1.0 | 88.00 | OK | |||
r-devel-windows-x86_64 | 0.1.0 | 15.00 | 105.00 | 120.00 | OK | |
r-patched-linux-x86_64 | 0.1.0 | 11.95 | 98.12 | 110.07 | NOTE | |
r-release-linux-x86_64 | 0.1.0 | 14.89 | 96.81 | 111.70 | NOTE | |
r-release-macos-arm64 | 0.1.0 | 51.00 | NOTE | |||
r-release-macos-x86_64 | 0.1.0 | 73.00 | NOTE | |||
r-release-windows-x86_64 | 0.1.0 | 16.00 | 106.00 | 122.00 | NOTE | |
r-oldrel-macos-arm64 | 0.1.0 | 59.00 | NOTE | |||
r-oldrel-macos-x86_64 | 0.1.0 | 95.00 | NOTE | |||
r-oldrel-windows-x86_64 | 0.1.0 | 22.00 | 123.00 | 145.00 | NOTE |
Version: 0.1.0
Check: LazyData
Result: NOTE
'LazyData' is specified without a 'data' directory
Flavors: r-patched-linux-x86_64, r-release-linux-x86_64, r-release-macos-arm64, r-release-macos-x86_64, r-release-windows-x86_64, r-oldrel-macos-arm64, r-oldrel-macos-x86_64, r-oldrel-windows-x86_64