Last updated on 2025-10-31 00:51:16 CET.
| Flavor | Version | Tinstall | Tcheck | Ttotal | Status | Flags | 
|---|---|---|---|---|---|---|
| r-devel-linux-x86_64-debian-clang | 0.9.0 | 2.40 | 33.27 | 35.67 | NOTE | |
| r-devel-linux-x86_64-debian-gcc | 0.9.0 | 2.16 | 25.71 | 27.87 | NOTE | |
| r-devel-linux-x86_64-fedora-clang | 0.9.0 | 52.59 | OK | |||
| r-devel-linux-x86_64-fedora-gcc | 0.9.0 | 51.89 | OK | |||
| r-devel-windows-x86_64 | 0.9.0 | 4.00 | 55.00 | 59.00 | OK | |
| r-patched-linux-x86_64 | 0.9.0 | 2.84 | 31.35 | 34.19 | OK | |
| r-release-linux-x86_64 | 0.9.0 | 2.18 | 31.39 | 33.57 | OK | |
| r-release-macos-arm64 | 0.9.0 | 2.00 | 23.00 | 25.00 | OK | |
| r-release-macos-x86_64 | 0.9.0 | 3.00 | 45.00 | 48.00 | OK | |
| r-release-windows-x86_64 | 0.9.0 | 5.00 | 58.00 | 63.00 | OK | |
| r-oldrel-macos-arm64 | 0.9.0 | 1.00 | 20.00 | 21.00 | NOTE | |
| r-oldrel-macos-x86_64 | 0.9.0 | 4.00 | 29.00 | 33.00 | NOTE | |
| r-oldrel-windows-x86_64 | 0.9.0 | 5.00 | 60.00 | 65.00 | NOTE | 
Version: 0.9.0
Check: CRAN incoming feasibility
Result: NOTE
  Maintainer: ‘Emi Tanaka <emi.tanaka@sydney.edu.au>’
  
  No Authors@R field in DESCRIPTION.
  Please add one, modifying
    Authors@R: c(person(given = "Emi",
                        family = "Tanaka",
                        role = c("aut", "cre"),
                        email = "emi.tanaka@sydney.edu.au"),
                 person(family = "Niichan",
                        role = "aut"))
  as necessary.
Flavors: r-devel-linux-x86_64-debian-clang, r-devel-linux-x86_64-debian-gcc
Version: 0.9.0
Check: LazyData
Result: NOTE
    'LazyData' is specified without a 'data' directory
Flavors: r-oldrel-macos-arm64, r-oldrel-macos-x86_64, r-oldrel-windows-x86_64