Last updated on 2025-10-31 00:51:16 CET.
| Flavor | Version | Tinstall | Tcheck | Ttotal | Status | Flags | 
|---|---|---|---|---|---|---|
| r-devel-linux-x86_64-debian-clang | 0.1.2 | 9.75 | 70.87 | 80.62 | NOTE | |
| r-devel-linux-x86_64-debian-gcc | 0.1.2 | 6.41 | 52.62 | 59.03 | NOTE | |
| r-devel-linux-x86_64-fedora-clang | 0.1.2 | 20.00 | 106.78 | 126.78 | OK | |
| r-devel-linux-x86_64-fedora-gcc | 0.1.2 | 29.00 | 105.52 | 134.52 | OK | |
| r-devel-windows-x86_64 | 0.1.2 | 11.00 | 82.00 | 93.00 | OK | |
| r-patched-linux-x86_64 | 0.1.2 | 7.30 | 66.85 | 74.15 | OK | |
| r-release-linux-x86_64 | 0.1.2 | 7.04 | 66.08 | 73.12 | OK | |
| r-release-macos-arm64 | 0.1.2 | 4.00 | 35.00 | 39.00 | OK | |
| r-release-macos-x86_64 | 0.1.2 | 7.00 | 60.00 | 67.00 | OK | |
| r-release-windows-x86_64 | 0.1.2 | 11.00 | 84.00 | 95.00 | OK | |
| r-oldrel-macos-arm64 | 0.1.2 | 3.00 | 34.00 | 37.00 | NOTE | |
| r-oldrel-macos-x86_64 | 0.1.2 | 5.00 | 50.00 | 55.00 | NOTE | |
| r-oldrel-windows-x86_64 | 0.1.2 | 14.00 | 99.00 | 113.00 | NOTE | 
Version: 0.1.2
Check: CRAN incoming feasibility
Result: NOTE
  Maintainer: ‘Sinead E. Morris <sinead.morris@columbia.edu>’
  
  Package CITATION file contains call(s) to old-style citEntry().  Please
  use bibentry() instead.
Flavors: r-devel-linux-x86_64-debian-clang, r-devel-linux-x86_64-debian-gcc
Version: 0.1.2
Check: LazyData
Result: NOTE
    'LazyData' is specified without a 'data' directory
Flavors: r-oldrel-macos-arm64, r-oldrel-macos-x86_64, r-oldrel-windows-x86_64