Last updated on 2025-02-22 00:50:00 CET.
Flavor | Version | Tinstall | Tcheck | Ttotal | Status | Flags |
---|---|---|---|---|---|---|
r-devel-linux-x86_64-debian-clang | 1.5 | 2.82 | 30.55 | 33.37 | NOTE | |
r-devel-linux-x86_64-debian-gcc | 1.5 | 2.17 | 25.13 | 27.30 | NOTE | |
r-devel-linux-x86_64-fedora-clang | 1.5 | 57.81 | NOTE | |||
r-devel-linux-x86_64-fedora-gcc | 1.5 | 69.47 | NOTE | |||
r-devel-macos-arm64 | 1.5 | 33.00 | NOTE | |||
r-devel-macos-x86_64 | 1.5 | 58.00 | NOTE | |||
r-devel-windows-x86_64 | 1.5 | 5.00 | 60.00 | 65.00 | NOTE | |
r-patched-linux-x86_64 | 1.5 | 2.87 | 29.52 | 32.39 | NOTE | |
r-release-linux-x86_64 | 1.5 | 2.75 | 29.92 | 32.67 | NOTE | |
r-release-macos-arm64 | 1.5 | 31.00 | NOTE | |||
r-release-macos-x86_64 | 1.5 | 49.00 | NOTE | |||
r-release-windows-x86_64 | 1.5 | 6.00 | 60.00 | 66.00 | NOTE | |
r-oldrel-macos-arm64 | 1.5 | 34.00 | OK | |||
r-oldrel-macos-x86_64 | 1.5 | 48.00 | OK | |||
r-oldrel-windows-x86_64 | 1.5 | 6.00 | 69.00 | 75.00 | OK |
Version: 1.5
Check: Rd files
Result: NOTE
checkRd: (-1) shiftrPrepare.Rd:37: Lost braces
37 | See code{\link{shiftrPermBinary}} function and the respective example.
| ^
Flavors: r-devel-linux-x86_64-debian-clang, r-devel-linux-x86_64-debian-gcc, r-devel-linux-x86_64-fedora-clang, r-devel-linux-x86_64-fedora-gcc, r-devel-macos-arm64, r-devel-macos-x86_64, r-devel-windows-x86_64, r-patched-linux-x86_64, r-release-linux-x86_64, r-release-macos-arm64, r-release-macos-x86_64, r-release-windows-x86_64