Last updated on 2025-10-31 00:51:16 CET.
| Flavor | Version | Tinstall | Tcheck | Ttotal | Status | Flags | 
|---|---|---|---|---|---|---|
| r-devel-linux-x86_64-debian-clang | 1.1.1.0 | 5.34 | 59.36 | 64.70 | NOTE | |
| r-devel-linux-x86_64-debian-gcc | 1.1.1.0 | 4.94 | 46.67 | 51.61 | NOTE | |
| r-devel-linux-x86_64-fedora-clang | 1.1.1.0 | 14.00 | 88.67 | 102.67 | OK | |
| r-devel-linux-x86_64-fedora-gcc | 1.1.1.0 | 14.00 | 84.09 | 98.09 | OK | |
| r-devel-windows-x86_64 | 1.1.1.0 | 8.00 | 69.00 | 77.00 | OK | |
| r-patched-linux-x86_64 | 1.1.1.0 | 6.76 | 58.83 | 65.59 | OK | |
| r-release-linux-x86_64 | 1.1.1.0 | 6.51 | 58.89 | 65.40 | OK | |
| r-release-macos-arm64 | 1.1.1.0 | 3.00 | 30.00 | 33.00 | OK | |
| r-release-macos-x86_64 | 1.1.1.0 | 6.00 | 54.00 | 60.00 | OK | |
| r-release-windows-x86_64 | 1.1.1.0 | 7.00 | 72.00 | 79.00 | OK | |
| r-oldrel-macos-arm64 | 1.1.1.0 | 3.00 | 29.00 | 32.00 | OK | |
| r-oldrel-macos-x86_64 | 1.1.1.0 | 5.00 | 44.00 | 49.00 | OK | |
| r-oldrel-windows-x86_64 | 1.1.1.0 | 9.00 | 89.00 | 98.00 | OK | 
Version: 1.1.1.0
Check: CRAN incoming feasibility
Result: NOTE
  Maintainer: ‘Liang He <lianghe@mit.edu>’
  
  No Authors@R field in DESCRIPTION.
  Please add one, modifying
    Authors@R: person(given = "Liang",
                      family = "He",
                      role = c("aut", "cre"),
                      email = "lianghe@mit.edu")
  as necessary.
Flavors: r-devel-linux-x86_64-debian-clang, r-devel-linux-x86_64-debian-gcc