Last updated on 2025-10-31 00:51:15 CET.
| Flavor | Version | Tinstall | Tcheck | Ttotal | Status | Flags | 
|---|---|---|---|---|---|---|
| r-devel-linux-x86_64-debian-clang | 1.01 | 2.36 | 22.78 | 25.14 | NOTE | |
| r-devel-linux-x86_64-debian-gcc | 1.01 | 1.71 | 18.88 | 20.59 | NOTE | |
| r-devel-linux-x86_64-fedora-clang | 1.01 | 37.20 | OK | |||
| r-devel-linux-x86_64-fedora-gcc | 1.01 | 35.14 | OK | |||
| r-devel-windows-x86_64 | 1.01 | 3.00 | 41.00 | 44.00 | OK | |
| r-patched-linux-x86_64 | 1.01 | 2.18 | 21.80 | 23.98 | OK | |
| r-release-linux-x86_64 | 1.01 | 2.15 | 21.95 | 24.10 | OK | |
| r-release-macos-arm64 | 1.01 | 2.00 | 27.00 | 29.00 | OK | |
| r-release-macos-x86_64 | 1.01 | 3.00 | 24.00 | 27.00 | OK | |
| r-release-windows-x86_64 | 1.01 | 3.00 | 43.00 | 46.00 | OK | |
| r-oldrel-macos-arm64 | 1.01 | 1.00 | 15.00 | 16.00 | NOTE | |
| r-oldrel-macos-x86_64 | 1.01 | 2.00 | 20.00 | 22.00 | NOTE | |
| r-oldrel-windows-x86_64 | 1.01 | 3.00 | 47.00 | 50.00 | NOTE | 
Version: 1.01
Check: CRAN incoming feasibility
Result: NOTE
  Maintainer: ‘Paul R. Rosenbaum <rosenbaum@wharton.upenn.edu>’
  
  No Authors@R field in DESCRIPTION.
  Please add one, modifying
    Authors@R: c(person(given = c("Paul", "R."),
                        family = "Rosenbaum",
                        role = c("aut", "cre"),
                        email = "rosenbaum@wharton.upenn.edu"),
                 person(given = c("Dylan", "S."),
                        family = "Small",
                        role = "aut"))
  as necessary.
Flavors: r-devel-linux-x86_64-debian-clang, r-devel-linux-x86_64-debian-gcc
Version: 1.01
Check: LazyData
Result: NOTE
    'LazyData' is specified without a 'data' directory
Flavors: r-oldrel-macos-arm64, r-oldrel-macos-x86_64, r-oldrel-windows-x86_64