Last updated on 2025-10-31 00:51:15 CET.
| Flavor | Version | Tinstall | Tcheck | Ttotal | Status | Flags | 
|---|---|---|---|---|---|---|
| r-devel-linux-x86_64-debian-clang | 0.2.0 | 15.15 | 32.34 | 47.49 | NOTE | |
| r-devel-linux-x86_64-debian-gcc | 0.2.0 | 10.11 | 27.09 | 37.20 | NOTE | |
| r-devel-linux-x86_64-fedora-clang | 0.2.0 | 45.00 | 39.63 | 84.63 | NOTE | |
| r-devel-linux-x86_64-fedora-gcc | 0.2.0 | 33.00 | 56.58 | 89.58 | NOTE | |
| r-devel-windows-x86_64 | 0.2.0 | 18.00 | 63.00 | 81.00 | NOTE | |
| r-patched-linux-x86_64 | 0.2.0 | 15.29 | 30.20 | 45.49 | NOTE | |
| r-release-linux-x86_64 | 0.2.0 | 15.28 | 30.11 | 45.39 | NOTE | |
| r-release-macos-arm64 | 0.2.0 | 7.00 | 25.00 | 32.00 | NOTE | |
| r-release-macos-x86_64 | 0.2.0 | 14.00 | 72.00 | 86.00 | NOTE | |
| r-release-windows-x86_64 | 0.2.0 | 20.00 | 69.00 | 89.00 | NOTE | |
| r-oldrel-macos-arm64 | 0.2.0 | 7.00 | 26.00 | 33.00 | NOTE | |
| r-oldrel-macos-x86_64 | 0.2.0 | 9.00 | 35.00 | 44.00 | NOTE | |
| r-oldrel-windows-x86_64 | 0.2.0 | 24.00 | 84.00 | 108.00 | NOTE | 
Version: 0.2.0
Check: C++ specification
Result: NOTE
    Specified C++11: please drop specification unless essential
Flavors: r-devel-linux-x86_64-debian-clang, r-devel-linux-x86_64-debian-gcc, r-devel-linux-x86_64-fedora-clang, r-devel-linux-x86_64-fedora-gcc, r-devel-windows-x86_64, r-patched-linux-x86_64, r-release-linux-x86_64, r-release-macos-arm64, r-release-macos-x86_64, r-release-windows-x86_64, r-oldrel-macos-arm64, r-oldrel-macos-x86_64, r-oldrel-windows-x86_64
Version: 0.2.0
Check: compiled code
Result: NOTE
  File ‘semver/libs/semver.so’:
    Found no calls to: ‘R_registerRoutines’, ‘R_useDynamicSymbols’
  
  It is good practice to register native routines and to disable symbol
  search.
  
  See ‘Writing portable packages’ in the ‘Writing R Extensions’ manual.
Flavors: r-devel-linux-x86_64-fedora-clang, r-devel-linux-x86_64-fedora-gcc
Version: 0.2.0
Check: LazyData
Result: NOTE
    'LazyData' is specified without a 'data' directory
Flavors: r-oldrel-macos-arm64, r-oldrel-macos-x86_64, r-oldrel-windows-x86_64