Last updated on 2025-10-01 02:54:30 CEST.
Flavor | Version | Tinstall | Tcheck | Ttotal | Status | Flags |
---|---|---|---|---|---|---|
r-devel-linux-x86_64-debian-clang | 1.2.5 | 35.51 | 104.31 | 139.82 | NOTE | |
r-devel-linux-x86_64-debian-gcc | 1.2.5 | 23.85 | 70.60 | 94.45 | NOTE | |
r-devel-linux-x86_64-fedora-clang | 1.2.5 | 223.71 | OK | |||
r-devel-linux-x86_64-fedora-gcc | 1.2.5 | 203.92 | OK | |||
r-devel-windows-x86_64 | 1.2.5 | 44.00 | 127.00 | 171.00 | OK | |
r-patched-linux-x86_64 | 1.2.5 | 35.15 | 97.16 | 132.31 | OK | |
r-release-linux-x86_64 | 1.2.5 | 35.38 | 97.19 | 132.57 | OK | |
r-release-macos-arm64 | 1.2.5 | 68.00 | OK | |||
r-release-macos-x86_64 | 1.2.5 | 131.00 | OK | |||
r-release-windows-x86_64 | 1.2.5 | 43.00 | 128.00 | 171.00 | OK | |
r-oldrel-macos-arm64 | 1.2.5 | 57.00 | OK | |||
r-oldrel-macos-x86_64 | 1.2.5 | 75.00 | OK | |||
r-oldrel-windows-x86_64 | 1.2.5 | 56.00 | 166.00 | 222.00 | OK |
Version: 1.2.5
Check: CRAN incoming feasibility
Result: NOTE
Maintainer: ‘Rob Tibshirani <tibs@stanford.edu>’
No Authors@R field in DESCRIPTION.
Please add one, modifying
Authors@R: c(person(given = "Ryan",
family = "Tibshirani",
role = "aut"),
person(given = "Rob",
family = "Tibshirani",
role = c("aut", "cre"),
email = "tibs@stanford.edu"),
person(given = "Jonathan",
family = "Taylor",
role = "aut"),
person(given = "Joshua",
family = "Loftus",
role = "aut"),
person(given = "Stephen",
family = "Reid",
role = "aut"),
person(given = "Jelena",
family = "Markovic",
role = "aut"))
as necessary.
Flavors: r-devel-linux-x86_64-debian-clang, r-devel-linux-x86_64-debian-gcc