Last updated on 2025-10-31 00:51:15 CET.
| Flavor | Version | Tinstall | Tcheck | Ttotal | Status | Flags | 
|---|---|---|---|---|---|---|
| r-devel-linux-x86_64-debian-clang | 1.1.4 | 9.70 | 308.19 | 317.89 | NOTE | |
| r-devel-linux-x86_64-debian-gcc | 1.1.4 | 5.82 | 218.36 | 224.18 | NOTE | |
| r-devel-linux-x86_64-fedora-clang | 1.1.4 | 19.00 | 461.86 | 480.86 | NOTE | |
| r-devel-linux-x86_64-fedora-gcc | 1.1.4 | 22.00 | 485.82 | 507.82 | NOTE | |
| r-devel-windows-x86_64 | 1.1.4 | 9.00 | 332.00 | 341.00 | NOTE | |
| r-patched-linux-x86_64 | 1.1.4 | 10.68 | 300.53 | 311.21 | NOTE | |
| r-release-linux-x86_64 | 1.1.4 | 8.15 | 296.97 | 305.12 | NOTE | |
| r-release-macos-arm64 | 1.1.4 | 5.00 | 225.00 | 230.00 | NOTE | |
| r-release-macos-x86_64 | 1.1.4 | 7.00 | 304.00 | 311.00 | NOTE | |
| r-release-windows-x86_64 | 1.1.4 | 9.00 | 332.00 | 341.00 | NOTE | |
| r-oldrel-macos-arm64 | 1.1.4 | 4.00 | 173.00 | 177.00 | NOTE | |
| r-oldrel-macos-x86_64 | 1.1.4 | 6.00 | 231.00 | 237.00 | NOTE | |
| r-oldrel-windows-x86_64 | 1.1.4 | 10.00 | 443.00 | 453.00 | NOTE | 
Version: 1.1.4
Check: Rd files
Result: NOTE
  checkRd: (-1) cln.Rd:27: Lost braces
      27 |    case for text \code{1} for 1st uppercase, code{2} for lowercase, code{3} for uppercase (optional)
         |                                                  ^
  checkRd: (-1) cln.Rd:27: Lost braces
      27 |    case for text \code{1} for 1st uppercase, code{2} for lowercase, code{3} for uppercase (optional)
         |                                                                         ^
Flavors: r-devel-linux-x86_64-debian-clang, r-devel-linux-x86_64-debian-gcc, r-devel-linux-x86_64-fedora-clang, r-devel-linux-x86_64-fedora-gcc, r-devel-windows-x86_64, r-patched-linux-x86_64, r-release-linux-x86_64, r-release-macos-arm64, r-release-macos-x86_64, r-release-windows-x86_64, r-oldrel-macos-arm64, r-oldrel-macos-x86_64, r-oldrel-windows-x86_64