Last updated on 2025-02-22 00:49:59 CET.
Flavor | Version | Tinstall | Tcheck | Ttotal | Status | Flags |
---|---|---|---|---|---|---|
r-devel-linux-x86_64-debian-clang | 1.6.2 | 56.86 | 404.00 | 460.86 | OK | |
r-devel-linux-x86_64-debian-gcc | 1.6.2 | 40.72 | 282.86 | 323.58 | OK | |
r-devel-linux-x86_64-fedora-clang | 1.6.2 | 808.32 | OK | |||
r-devel-linux-x86_64-fedora-gcc | 1.6.2 | 767.05 | OK | |||
r-devel-macos-arm64 | 1.6.2 | 201.00 | OK | |||
r-devel-macos-x86_64 | 1.6.2 | 397.00 | OK | |||
r-devel-windows-x86_64 | 1.6.2 | 54.00 | 332.00 | 386.00 | OK | |
r-patched-linux-x86_64 | 1.6.2 | 49.93 | 368.38 | 418.31 | OK | |
r-release-linux-x86_64 | 1.6.2 | 56.89 | 369.07 | 425.96 | OK | |
r-release-macos-arm64 | 1.6.2 | 189.00 | OK | |||
r-release-macos-x86_64 | 1.6.2 | 279.00 | OK | |||
r-release-windows-x86_64 | 1.6.2 | 53.00 | 326.00 | 379.00 | OK | |
r-oldrel-macos-arm64 | 1.6.2 | 11.00 | ERROR | |||
r-oldrel-macos-x86_64 | 1.6.2 | 11.00 | ERROR | |||
r-oldrel-windows-x86_64 | 1.6.2 | 72.00 | 412.00 | 484.00 | OK |
Version: 1.6.2
Check: package dependencies
Result: ERROR
Package required and available but unsuitable version: ‘UCell’
See section ‘The DESCRIPTION file’ in the ‘Writing R Extensions’
manual.
Flavors: r-oldrel-macos-arm64, r-oldrel-macos-x86_64