Last updated on 2024-06-16 01:49:38 CEST.
Flavor | Version | Tinstall | Tcheck | Ttotal | Status | Flags |
---|---|---|---|---|---|---|
r-devel-linux-x86_64-debian-clang | 1.2.5 | 9.20 | 115.36 | 124.56 | OK | |
r-devel-linux-x86_64-debian-gcc | 1.2.5 | 6.84 | 85.63 | 92.47 | OK | |
r-devel-linux-x86_64-fedora-clang | 1.2.5 | 158.05 | NOTE | |||
r-devel-linux-x86_64-fedora-gcc | 1.2.5 | 165.52 | OK | |||
r-devel-windows-x86_64 | 1.2.5 | 9.00 | 109.00 | 118.00 | NOTE | |
r-patched-linux-x86_64 | 1.2.5 | 5.98 | 110.00 | 115.98 | OK | |
r-release-linux-x86_64 | 1.2.5 | 5.88 | 109.09 | 114.97 | OK | |
r-release-macos-arm64 | 1.2.5 | 80.00 | NOTE | |||
r-release-macos-x86_64 | 1.2.5 | 107.00 | NOTE | |||
r-release-windows-x86_64 | 1.2.5 | 7.00 | 110.00 | 117.00 | NOTE | |
r-oldrel-macos-arm64 | 1.2.5 | 79.00 | NOTE | |||
r-oldrel-macos-x86_64 | 1.2.5 | 109.00 | NOTE | |||
r-oldrel-windows-x86_64 | 1.2.5 | 10.00 | 129.00 | 139.00 | NOTE |
Version: 1.2.5
Check: installed package size
Result: NOTE
installed size is 6.3Mb
sub-directories of 1Mb or more:
doc 5.1Mb
extdata 1.1Mb
Flavors: r-devel-linux-x86_64-fedora-clang, r-devel-windows-x86_64, r-release-macos-arm64, r-release-macos-x86_64, r-release-windows-x86_64, r-oldrel-macos-arm64, r-oldrel-macos-x86_64, r-oldrel-windows-x86_64