Last updated on 2025-02-22 00:49:59 CET.
Flavor | Version | Tinstall | Tcheck | Ttotal | Status | Flags |
---|---|---|---|---|---|---|
r-devel-linux-x86_64-debian-clang | 3.3 | 24.42 | 128.29 | 152.71 | NOTE | |
r-devel-linux-x86_64-debian-gcc | 3.3 | 14.46 | 82.77 | 97.23 | NOTE | |
r-devel-linux-x86_64-fedora-clang | 3.3 | 233.75 | OK | |||
r-devel-linux-x86_64-fedora-gcc | 3.3 | 222.34 | OK | |||
r-devel-macos-arm64 | 3.3 | 65.00 | OK | |||
r-devel-macos-x86_64 | 3.3 | 120.00 | OK | |||
r-devel-windows-x86_64 | 3.3 | 25.00 | 148.00 | 173.00 | NOTE | |
r-patched-linux-x86_64 | 3.3 | 29.92 | 116.78 | 146.70 | OK | |
r-release-linux-x86_64 | 3.3 | 21.44 | 117.29 | 138.73 | OK | |
r-release-macos-arm64 | 3.3 | 63.00 | OK | |||
r-release-macos-x86_64 | 3.3 | 135.00 | OK | |||
r-release-windows-x86_64 | 3.3 | 26.00 | 141.00 | 167.00 | OK | |
r-oldrel-macos-arm64 | 3.3 | 66.00 | OK | |||
r-oldrel-macos-x86_64 | 3.3 | 137.00 | OK | |||
r-oldrel-windows-x86_64 | 3.3 | 33.00 | 171.00 | 204.00 | OK |
Version: 3.3
Check: Rd cross-references
Result: NOTE
Found the following Rd file(s) with Rd \link{} targets missing package
anchors:
npdeSaemix.Rd: npde, NpdeObject, npde.graphs, gof.test,
npde.plot.select, autonpde, npde.plot.scatterplot, npde.plot.dist
xbinning.Rd: npde, autonpde
Please provide package anchors for all Rd \link{} targets not in the
package itself and the base packages.
Flavors: r-devel-linux-x86_64-debian-clang, r-devel-linux-x86_64-debian-gcc, r-devel-windows-x86_64