Last updated on 2025-02-22 00:49:59 CET.
Flavor | Version | Tinstall | Tcheck | Ttotal | Status | Flags |
---|---|---|---|---|---|---|
r-devel-linux-x86_64-debian-clang | 1.0.4 | 18.51 | 151.93 | 170.44 | NOTE | |
r-devel-linux-x86_64-debian-gcc | 1.0.4 | 13.15 | 105.09 | 118.24 | NOTE | |
r-devel-linux-x86_64-fedora-clang | 1.0.4 | 261.69 | OK | |||
r-devel-linux-x86_64-fedora-gcc | 1.0.4 | 269.10 | OK | |||
r-devel-macos-arm64 | 1.0.4 | 89.00 | OK | |||
r-devel-macos-x86_64 | 1.0.4 | 154.00 | OK | |||
r-devel-windows-x86_64 | 1.0.4 | 17.00 | 152.00 | 169.00 | NOTE | |
r-patched-linux-x86_64 | 1.0.4 | 28.13 | 139.28 | 167.41 | OK | |
r-release-linux-x86_64 | 1.0.4 | 16.24 | 138.49 | 154.73 | OK | |
r-release-macos-arm64 | 1.0.4 | 84.00 | OK | |||
r-release-macos-x86_64 | 1.0.4 | 237.00 | OK | |||
r-release-windows-x86_64 | 1.0.4 | 18.00 | 150.00 | 168.00 | OK | |
r-oldrel-macos-arm64 | 1.0.4 | 84.00 | OK | |||
r-oldrel-macos-x86_64 | 1.0.4 | 162.00 | OK | |||
r-oldrel-windows-x86_64 | 1.0.4 | 24.00 | 176.00 | 200.00 | OK |
Version: 1.0.4
Check: Rd cross-references
Result: NOTE
Found the following Rd file(s) with Rd \link{} targets missing package
anchors:
compare_pred.Rd: emdi
write.excel.Rd: openxlsx
Please provide package anchors for all Rd \link{} targets not in the
package itself and the base packages.
Flavors: r-devel-linux-x86_64-debian-clang, r-devel-linux-x86_64-debian-gcc, r-devel-windows-x86_64