CRAN Package Check Results for Package rwa

Last updated on 2025-02-22 00:49:59 CET.

Flavor Version Tinstall Tcheck Ttotal Status Flags
r-devel-linux-x86_64-debian-clang 0.0.3 4.96 38.28 43.24 OK
r-devel-linux-x86_64-debian-gcc 0.0.3 3.63 27.87 31.50 OK
r-devel-linux-x86_64-fedora-clang 0.0.3 67.13 OK
r-devel-linux-x86_64-fedora-gcc 0.0.3 65.98 OK
r-devel-macos-arm64 0.0.3 25.00 OK
r-devel-macos-x86_64 0.0.3 43.00 OK
r-devel-windows-x86_64 0.0.3 7.00 56.00 63.00 OK
r-patched-linux-x86_64 0.0.3 4.01 35.32 39.33 NOTE
r-release-linux-x86_64 0.0.3 4.66 35.28 39.94 NOTE
r-release-macos-arm64 0.0.3 24.00 NOTE
r-release-macos-x86_64 0.0.3 55.00 NOTE
r-release-windows-x86_64 0.0.3 6.00 55.00 61.00 NOTE
r-oldrel-macos-arm64 0.0.3 26.00 NOTE
r-oldrel-macos-x86_64 0.0.3 33.00 NOTE
r-oldrel-windows-x86_64 0.0.3 8.00 64.00 72.00 NOTE

Check Details

Version: 0.0.3
Check: LazyData
Result: NOTE 'LazyData' is specified without a 'data' directory Flavors: r-patched-linux-x86_64, r-release-linux-x86_64, r-release-macos-arm64, r-release-macos-x86_64, r-release-windows-x86_64, r-oldrel-macos-arm64, r-oldrel-macos-x86_64, r-oldrel-windows-x86_64