Last updated on 2025-10-31 00:51:15 CET.
| Flavor | Version | Tinstall | Tcheck | Ttotal | Status | Flags | 
|---|---|---|---|---|---|---|
| r-devel-linux-x86_64-debian-clang | 0.9.7.1 | 10.10 | 73.24 | 83.34 | NOTE | |
| r-devel-linux-x86_64-debian-gcc | 0.9.7.1 | 6.55 | 50.74 | 57.29 | NOTE | |
| r-devel-linux-x86_64-fedora-clang | 0.9.7.1 | 22.00 | 102.44 | 124.44 | NOTE | |
| r-devel-linux-x86_64-fedora-gcc | 0.9.7.1 | 24.00 | 97.09 | 121.09 | NOTE | |
| r-devel-windows-x86_64 | 0.9.7.1 | 15.00 | 82.00 | 97.00 | NOTE | |
| r-patched-linux-x86_64 | 0.9.7.1 | 9.51 | 68.60 | 78.11 | NOTE | |
| r-release-linux-x86_64 | 0.9.7.1 | 10.16 | 67.98 | 78.14 | NOTE | |
| r-release-macos-arm64 | 0.9.7.1 | 5.00 | 27.00 | 32.00 | NOTE | |
| r-release-macos-x86_64 | 0.9.7.1 | 9.00 | 47.00 | 56.00 | NOTE | |
| r-release-windows-x86_64 | 0.9.7.1 | 16.00 | 85.00 | 101.00 | NOTE | |
| r-oldrel-macos-arm64 | 0.9.7.1 | 5.00 | 27.00 | 32.00 | NOTE | |
| r-oldrel-macos-x86_64 | 0.9.7.1 | 8.00 | 39.00 | 47.00 | NOTE | |
| r-oldrel-windows-x86_64 | 0.9.7.1 | 19.00 | 102.00 | 121.00 | NOTE | 
Version: 0.9.7.1
Check: CRAN incoming feasibility
Result: NOTE
  Maintainer: ‘Johann Gagnon-Bartsch <johanngb@umich.edu>’
  
  No Authors@R field in DESCRIPTION.
  Please add one, modifying
    Authors@R: person(given = "Johann",
                      family = "Gagnon-Bartsch",
                      role = c("aut", "cre"),
                      email = "johanngb@umich.edu")
  as necessary.
Flavors: r-devel-linux-x86_64-debian-clang, r-devel-linux-x86_64-debian-gcc
Version: 0.9.7.1
Check: Rd files
Result: NOTE
  checkRd: (-1) RUVIII.Rd:51: Lost braces
      51 | If code{return.info} is \code{TRUE}, a list is returned that contains:
         |        ^
Flavors: r-devel-linux-x86_64-debian-clang, r-devel-linux-x86_64-debian-gcc, r-devel-linux-x86_64-fedora-clang, r-devel-linux-x86_64-fedora-gcc, r-devel-windows-x86_64, r-patched-linux-x86_64, r-release-linux-x86_64, r-release-macos-arm64, r-release-macos-x86_64, r-release-windows-x86_64, r-oldrel-macos-arm64, r-oldrel-macos-x86_64, r-oldrel-windows-x86_64