Last updated on 2025-10-31 00:51:14 CET.
| Flavor | Version | Tinstall | Tcheck | Ttotal | Status | Flags | 
|---|---|---|---|---|---|---|
| r-devel-linux-x86_64-debian-clang | 1.1 | 4.11 | 48.29 | 52.40 | NOTE | |
| r-devel-linux-x86_64-debian-gcc | 1.1 | 2.78 | 36.28 | 39.06 | NOTE | |
| r-devel-linux-x86_64-fedora-clang | 1.1 | 78.09 | OK | |||
| r-devel-linux-x86_64-fedora-gcc | 1.1 | 75.32 | OK | |||
| r-devel-windows-x86_64 | 1.1 | 4.00 | 60.00 | 64.00 | OK | |
| r-patched-linux-x86_64 | 1.1 | 4.08 | 46.05 | 50.13 | OK | |
| r-release-linux-x86_64 | 1.1 | 4.05 | 46.43 | 50.48 | OK | |
| r-release-macos-arm64 | 1.1 | 2.00 | 26.00 | 28.00 | OK | |
| r-release-macos-x86_64 | 1.1 | 4.00 | 42.00 | 46.00 | OK | |
| r-release-windows-x86_64 | 1.1 | 6.00 | 65.00 | 71.00 | OK | |
| r-oldrel-macos-arm64 | 1.1 | 2.00 | 22.00 | 24.00 | OK | |
| r-oldrel-macos-x86_64 | 1.1 | 3.00 | 36.00 | 39.00 | OK | |
| r-oldrel-windows-x86_64 | 1.1 | 5.00 | 58.00 | 63.00 | OK | 
Version: 1.1
Check: CRAN incoming feasibility
Result: NOTE
  Maintainer: ‘Martin Atzmueller <martin@atzmueller.net>’
  
  No Authors@R field in DESCRIPTION.
  Please add one, modifying
    Authors@R: person(given = "Martin",
                      family = "Atzmueller",
                      role = c("aut", "cre"),
                      email = "martin@atzmueller.net")
  as necessary.
Flavors: r-devel-linux-x86_64-debian-clang, r-devel-linux-x86_64-debian-gcc