Last updated on 2025-10-31 00:51:14 CET.
| Flavor | Version | Tinstall | Tcheck | Ttotal | Status | Flags | 
|---|---|---|---|---|---|---|
| r-devel-linux-x86_64-debian-clang | 1.0.1 | 7.58 | 57.16 | 64.74 | NOTE | |
| r-devel-linux-x86_64-debian-gcc | 1.0.1 | 5.13 | 42.25 | 47.38 | NOTE | |
| r-devel-linux-x86_64-fedora-clang | 1.0.1 | 20.00 | 79.54 | 99.54 | NOTE | |
| r-devel-linux-x86_64-fedora-gcc | 1.0.1 | 39.00 | 65.68 | 104.68 | NOTE | |
| r-devel-windows-x86_64 | 1.0.1 | 9.00 | 69.00 | 78.00 | NOTE | |
| r-patched-linux-x86_64 | 1.0.1 | 8.71 | 53.10 | 61.81 | NOTE | |
| r-release-linux-x86_64 | 1.0.1 | 7.35 | 53.65 | 61.00 | NOTE | |
| r-release-macos-arm64 | 1.0.1 | 3.00 | 29.00 | 32.00 | NOTE | |
| r-release-macos-x86_64 | 1.0.1 | 9.00 | 50.00 | 59.00 | NOTE | |
| r-release-windows-x86_64 | 1.0.1 | 9.00 | 73.00 | 82.00 | NOTE | |
| r-oldrel-macos-arm64 | 1.0.1 | 4.00 | 27.00 | 31.00 | OK | |
| r-oldrel-macos-x86_64 | 1.0.1 | 11.00 | 68.00 | 79.00 | OK | |
| r-oldrel-windows-x86_64 | 1.0.1 | 12.00 | 83.00 | 95.00 | OK | 
Version: 1.0.1
Check: DESCRIPTION meta-information
Result: NOTE
    Missing dependency on R >= 4.1.0 because package code uses the pipe
    |> or function shorthand \(...) syntax added in R 4.1.0.
    File(s) using such syntax:
      ‘geom-funs.R’
Flavors: r-devel-linux-x86_64-debian-clang, r-devel-linux-x86_64-debian-gcc, r-devel-linux-x86_64-fedora-clang, r-devel-linux-x86_64-fedora-gcc, r-devel-windows-x86_64, r-patched-linux-x86_64, r-release-linux-x86_64, r-release-macos-arm64, r-release-macos-x86_64, r-release-windows-x86_64