Last updated on 2025-10-31 00:51:14 CET.
| Flavor | Version | Tinstall | Tcheck | Ttotal | Status | Flags | 
|---|---|---|---|---|---|---|
| r-devel-linux-x86_64-debian-clang | 1.0.4 | 5.10 | 58.37 | 63.47 | NOTE | |
| r-devel-linux-x86_64-debian-gcc | 1.0.4 | 3.42 | 43.90 | 47.32 | NOTE | |
| r-devel-linux-x86_64-fedora-clang | 1.0.4 | 12.00 | 85.92 | 97.92 | OK | |
| r-devel-linux-x86_64-fedora-gcc | 1.0.4 | 10.00 | 96.11 | 106.11 | OK | |
| r-devel-windows-x86_64 | 1.0.4 | 6.00 | 93.00 | 99.00 | OK | |
| r-patched-linux-x86_64 | 1.0.4 | 5.31 | 54.38 | 59.69 | OK | |
| r-release-linux-x86_64 | 1.0.4 | 4.12 | 54.67 | 58.79 | OK | |
| r-release-macos-arm64 | 1.0.4 | 2.00 | 44.00 | 46.00 | OK | |
| r-release-macos-x86_64 | 1.0.4 | 4.00 | 84.00 | 88.00 | OK | |
| r-release-windows-x86_64 | 1.0.4 | 8.00 | 86.00 | 94.00 | OK | |
| r-oldrel-macos-arm64 | 1.0.4 | 2.00 | 50.00 | 52.00 | NOTE | |
| r-oldrel-macos-x86_64 | 1.0.4 | 4.00 | 71.00 | 75.00 | NOTE | |
| r-oldrel-windows-x86_64 | 1.0.4 | 9.00 | 103.00 | 112.00 | NOTE | 
Version: 1.0.4
Check: CRAN incoming feasibility
Result: NOTE
  Maintainer: ‘Melina Vidoni <melinavidoni@santafe-conicet.gov.ar>’
  
  Found the following (possibly) invalid file URIs:
    URI: reference/get_shortest_path.html
      From: inst/doc/igraph.html
    URI: reference/index.html
      From: inst/doc/rsppfp.html
    URI: reference/direct_graph.html
      From: inst/doc/rsppfp.html
    URI: reference/parse_vpath.html
      From: inst/doc/rsppfp.html
    URI: articles/benchmark.html
      From: README.md
    URI: articles/references.html
      From: README.md
  
  Found the following URLs which should use \doi (with the DOI name only):
    File ‘modify_graph_hsu.Rd’:
      https://doi.org/10.1007/978-3-642-03095-6_60
    File ‘modify_graph_vd.Rd’:
      https://doi.org/10.1016/j.ejor.2004.01.032
Flavors: r-devel-linux-x86_64-debian-clang, r-devel-linux-x86_64-debian-gcc
Version: 1.0.4
Check: LazyData
Result: NOTE
    'LazyData' is specified without a 'data' directory
Flavors: r-oldrel-macos-arm64, r-oldrel-macos-x86_64, r-oldrel-windows-x86_64