Last updated on 2024-08-25 02:48:32 CEST.
Flavor | Version | Tinstall | Tcheck | Ttotal | Status | Flags |
---|---|---|---|---|---|---|
r-devel-linux-x86_64-debian-clang | 0.1.1 | 162.40 | 44.98 | 207.38 | OK | |
r-devel-linux-x86_64-debian-gcc | 0.1.1 | 111.05 | 32.13 | 143.18 | OK | |
r-devel-linux-x86_64-fedora-clang | 0.1.1 | 400.57 | OK | |||
r-devel-linux-x86_64-fedora-gcc | 0.1.1 | 422.08 | OK | |||
r-devel-windows-x86_64 | 0.1.1 | 158.00 | 86.00 | 244.00 | OK | |
r-patched-linux-x86_64 | 0.1.1 | 154.11 | 41.72 | 195.83 | OK | |
r-release-linux-x86_64 | 0.1.1 | 153.94 | 41.16 | 195.10 | OK | |
r-release-macos-arm64 | 0.1.1 | 86.00 | NOTE | |||
r-release-macos-x86_64 | 0.1.1 | 85.00 | NOTE | |||
r-release-windows-x86_64 | 0.1.1 | 160.00 | 86.00 | 246.00 | OK | |
r-oldrel-macos-arm64 | 0.1.1 | 86.00 | NOTE | |||
r-oldrel-macos-x86_64 | 0.1.1 | 113.00 | NOTE | |||
r-oldrel-windows-x86_64 | 0.1.1 | 187.00 | 102.00 | 289.00 | OK |
Version: 0.1.1
Check: installed package size
Result: NOTE
installed size is 8.6Mb
sub-directories of 1Mb or more:
libs 8.1Mb
Flavors: r-release-macos-arm64, r-release-macos-x86_64, r-oldrel-macos-arm64, r-oldrel-macos-x86_64