Last updated on 2025-10-31 00:51:14 CET.
| Flavor | Version | Tinstall | Tcheck | Ttotal | Status | Flags | 
|---|---|---|---|---|---|---|
| r-devel-linux-x86_64-debian-clang | 1.0.0.1 | 4.96 | 42.26 | 47.22 | OK | |
| r-devel-linux-x86_64-debian-gcc | 1.0.0.1 | 3.53 | 32.82 | 36.35 | OK | |
| r-devel-linux-x86_64-fedora-clang | 1.0.0.1 | 13.00 | 60.68 | 73.68 | OK | |
| r-devel-linux-x86_64-fedora-gcc | 1.0.0.1 | 21.00 | 66.44 | 87.44 | OK | |
| r-devel-windows-x86_64 | 1.0.0.1 | 7.00 | 57.00 | 64.00 | OK | |
| r-patched-linux-x86_64 | 1.0.0.1 | 4.99 | 39.61 | 44.60 | OK | |
| r-release-linux-x86_64 | 1.0.0.1 | 4.53 | 39.67 | 44.20 | OK | |
| r-release-macos-arm64 | 1.0.0.1 | 2.00 | 29.00 | 31.00 | OK | |
| r-release-macos-x86_64 | 1.0.0.1 | 10.00 | 117.00 | 127.00 | OK | |
| r-release-windows-x86_64 | 1.0.0.1 | 7.00 | 59.00 | 66.00 | OK | |
| r-oldrel-macos-arm64 | 1.0.0.1 | 3.00 | 28.00 | 31.00 | NOTE | |
| r-oldrel-macos-x86_64 | 1.0.0.1 | 7.00 | 76.00 | 83.00 | NOTE | |
| r-oldrel-windows-x86_64 | 1.0.0.1 | 10.00 | 73.00 | 83.00 | NOTE | 
Version: 1.0.0.1
Check: LazyData
Result: NOTE
    'LazyData' is specified without a 'data' directory
Flavors: r-oldrel-macos-arm64, r-oldrel-macos-x86_64, r-oldrel-windows-x86_64