Last updated on 2025-10-31 00:51:14 CET.
| Flavor | Version | Tinstall | Tcheck | Ttotal | Status | Flags | 
|---|---|---|---|---|---|---|
| r-devel-linux-x86_64-debian-clang | 2.2.1 | 138.39 | 591.83 | 730.22 | OK | |
| r-devel-linux-x86_64-debian-gcc | 2.2.1 | 87.63 | 414.05 | 501.68 | OK | |
| r-devel-linux-x86_64-fedora-clang | 2.2.1 | 1140.00 | 138.13 | 1278.13 | OK | |
| r-devel-linux-x86_64-fedora-gcc | 2.2.1 | 660.00 | 522.26 | 1182.26 | OK | |
| r-devel-windows-x86_64 | 2.2.1 | 150.00 | 602.00 | 752.00 | OK | |
| r-patched-linux-x86_64 | 2.2.1 | 0.36 | 2.00 | 2.36 | ERROR | |
| r-release-linux-x86_64 | 2.2.1 | 129.77 | 556.68 | 686.45 | OK | |
| r-release-macos-arm64 | 2.2.1 | 49.00 | 133.00 | 182.00 | OK | |
| r-release-macos-x86_64 | 2.2.1 | 72.00 | 379.00 | 451.00 | OK | |
| r-release-windows-x86_64 | 2.2.1 | 150.00 | 590.00 | 740.00 | OK | |
| r-oldrel-macos-arm64 | 2.2.1 | 43.00 | 135.00 | 178.00 | NOTE | |
| r-oldrel-macos-x86_64 | 2.2.1 | 69.00 | 360.00 | 429.00 | NOTE | |
| r-oldrel-windows-x86_64 | 2.2.1 | 183.00 | 764.00 | 947.00 | OK | 
Version: 2.2.1
Check: package dependencies
Result: ERROR
  Packages required but not available: 'DelayedArray', 'HDF5Array'
  
  Packages suggested but not available for checking:
    'DESeq2', 'EnhancedVolcano', 'SingleCellExperiment',
    'SummarizedExperiment'
  
  See section ‘The DESCRIPTION file’ in the ‘Writing R Extensions’
  manual.
Flavor: r-patched-linux-x86_64
Version: 2.2.1
Check: package dependencies
Result: NOTE
  Package suggested but not available for checking: ‘reactome.db’
Flavor: r-oldrel-macos-arm64
Version: 2.2.1
Check: installed package size
Result: NOTE
    installed size is 11.1Mb
    sub-directories of 1Mb or more:
      R      2.0Mb
      libs   6.9Mb
Flavors: r-oldrel-macos-arm64, r-oldrel-macos-x86_64