Last updated on 2025-10-31 00:51:13 CET.
| Flavor | Version | Tinstall | Tcheck | Ttotal | Status | Flags | 
|---|---|---|---|---|---|---|
| r-devel-linux-x86_64-debian-clang | 1.0.3 | 12.23 | 140.00 | 152.23 | NOTE | |
| r-devel-linux-x86_64-debian-gcc | 1.0.3 | 8.96 | 98.63 | 107.59 | NOTE | |
| r-devel-linux-x86_64-fedora-clang | 1.0.3 | 28.00 | 204.78 | 232.78 | NOTE | |
| r-devel-linux-x86_64-fedora-gcc | 1.0.3 | 51.00 | 194.52 | 245.52 | NOTE | |
| r-devel-windows-x86_64 | 1.0.3 | 14.00 | 137.00 | 151.00 | OK | |
| r-patched-linux-x86_64 | 1.0.3 | 12.24 | 129.32 | 141.56 | OK | |
| r-release-linux-x86_64 | 1.0.3 | 10.82 | 125.83 | 136.65 | OK | |
| r-release-macos-arm64 | 1.0.3 | 5.00 | 56.00 | 61.00 | OK | |
| r-release-macos-x86_64 | 1.0.3 | 9.00 | 103.00 | 112.00 | OK | |
| r-release-windows-x86_64 | 1.0.3 | 14.00 | 140.00 | 154.00 | OK | |
| r-oldrel-macos-arm64 | 1.0.3 | 4.00 | 53.00 | 57.00 | OK | |
| r-oldrel-macos-x86_64 | 1.0.3 | 7.00 | 79.00 | 86.00 | OK | |
| r-oldrel-windows-x86_64 | 1.0.3 | 18.00 | 171.00 | 189.00 | OK | 
Version: 1.0.3
Check: CRAN incoming feasibility
Result: NOTE
  Maintainer: ‘Markus Loecher <Markus.Loecher@gmail.com>’
  
  No Authors@R field in DESCRIPTION.
  Please add one, modifying
    Authors@R: person(given = "Markus",
                      family = "Loecher",
                      role = c("aut", "cre"),
                      email = "Markus.Loecher@gmail.com")
  as necessary.
Flavors: r-devel-linux-x86_64-debian-clang, r-devel-linux-x86_64-debian-gcc
Version: 1.0.3
Check: dependencies in R code
Result: NOTE
  Namespace in Imports field not imported from: ‘titanic’
    All declared Imports should be used.
Flavors: r-devel-linux-x86_64-fedora-clang, r-devel-linux-x86_64-fedora-gcc